{"id":40718,"date":"2025-11-07T00:44:31","date_gmt":"2025-11-06T23:44:31","guid":{"rendered":"https:\/\/www.jamkoviste.cz\/obchod\/produkt\/mizuno-t24-copper-wedge-rh-52-s\/"},"modified":"2025-11-07T00:44:31","modified_gmt":"2025-11-06T23:44:31","slug":"mizuno-t24-copper-golfova-hole-wedge-prava-ruka-52-10","status":"publish","type":"product","link":"https:\/\/www.jamkoviste.cz\/obchod\/produkt\/mizuno-t24-copper-golfova-hole-wedge-prava-ruka-52-10\/","title":{"rendered":"Mizuno T24 Copper Golfov\u00e1 hole &#8211; wedge Prav\u00e1 ruka 52\u00b0 10\u00b0"},"content":{"rendered":"<p>\u0158emesln&eacute; p\u0159epracov&aacute;n&iacute; wedge hole Mizuno s&eacute;rie T s jemn&yacute;mi vylep&scaron;en&iacute;mi horn&iacute; linie viditeln&yacute;mi z pozice hr&aacute;\u010de.  Grain Flow Forged v Hiro&scaron;im\u011b v Japonsku, aby se zajistilo p\u0159esn&eacute; tvarov&aacute;n&iacute; a bezkonkuren\u010dn&iacute; dotek kolem greenu. Nyn&iacute; s dr&aacute;\u017ekami QUADCUT+ s vy&scaron;&scaron;&iacute;m spinem a p\u011bti jedine\u010dn&yacute;mi profily podr&aacute;\u017eky.  KOVAN&Eacute; V HIRO&Scaron;IM\u011a V JAPONSKU  Jednod&iacute;ln&eacute; Grain Flow Forged HD Boron v Hiro&scaron;im\u011b v Japonsku &#8211; kde se \u017eeleza Mizuno vyr&aacute;b\u011bj&iacute; od roku 1968.  QUADCUT+ DR&Aacute;\u017dKY  Nastaven&iacute; p\u0159eklenut&iacute; ramene dr&aacute;\u017eky a z&uacute;\u017een&iacute; profilu dr&aacute;\u017eky umo\u017e\u0148uje t\u011bsn\u011bj&scaron;&iacute; vzor dr&aacute;\u017eky pro zv&yacute;&scaron;en&iacute; rychlosti spinu p\u0159i v&scaron;ech v&yacute;st\u0159elech.  \u0158EMESLN\u011a ZPRACOVAN&Aacute; HORN&Iacute; LINE  Hmota odebran&aacute; ze &scaron;pi\u010dky a sm\u011bs spodn&iacute; \u010d&aacute;sti hoselu vytv&aacute;\u0159&iacute; men&scaron;&iacute; profil bez ztr&aacute;ty efektivn&iacute; plochy &uacute;deru.  V&Yacute;KON V MOKR&Eacute;M PO\u010cAS&Iacute;  Mikro dr&aacute;\u017eky HydroFlow od Mizuno jsou lept&aacute;ny laserem, aby se uvolnila vlhkost a sn&iacute;\u017eilo se tak necht\u011bn&eacute; sn&iacute;\u017een&iacute; v&yacute;konu.  RELI&Eacute;F PODR&Aacute;\u017dKY  Zv&yacute;&scaron;en&yacute; reli&eacute;f podr&aacute;\u017eky na pat\u011b a &scaron;pi\u010dce ve v&scaron;ech 5 mo\u017enostech brou&scaron;en&iacute;.  SPECIFICK&Yacute; PROFIL LOFTU  Rovn&aacute; p\u0159edn&iacute; hrana na ni\u017e&scaron;&iacute;ch loftech (do 51), do tradi\u010dn&iacute; slzy a v&iacute;ce zaoblen&yacute;ch lob wedge (58 a v&iacute;ce).  BLADE DESIGN S VYV&Aacute;\u017dEN&Yacute;M SPINEM  Roz&scaron;&iacute;\u0159en&aacute; horn&iacute; \u010d&aacute;st vytv&aacute;\u0159&iacute; vy&scaron;&scaron;&iacute; spin a pronikavou trajektorii &ndash; zejm&eacute;na p\u0159i &uacute;derech v&yacute;&scaron;e na &uacute;derov&eacute; plo&scaron;e hole.<br \/>\nBarva podle v\u00fdrobce: M\u011b\u010f<br \/>\nPohlav\u00ed: P\u00e1nsk\u00e9<br \/>\nV\u011bkov\u00e1 skupina: Dosp\u011bl\u00fd<br \/>\nBarva: Oran\u017eov\u00e1<br \/>\nLoft: 52\u00b0<br \/>\n\u00dahel odrazu (Bounce): 10\u00b0<br \/>\nPreferovan\u00e1 ruka: Prav\u00e1 ruka<br \/>\nGrind: S<br \/>\nS\u00e9rie: T24<br \/>\n\u00dahel loftu: 52\u00b0<\/p>\n","protected":false},"excerpt":{"rendered":"<p>\u0158emesln&eacute; p\u0159epracov&aacute;n&iacute; wedge hole Mizuno s&eacute;rie T s jemn&yacute;mi vylep&scaron;en&iacute;mi horn&iacute; linie viditeln&yacute;mi z pozice hr&aacute;\u010de. Grain Flow Forged v Hiro&scaron;im\u011b v Japonsku, aby se zajistilo p\u0159esn&eacute; tvarov&aacute;n&iacute; a bezkonkuren\u010dn&iacute; dotek kolem greenu. Nyn&iacute; s dr&aacute;\u017ekami QUADCUT+ s vy&scaron;&scaron;&iacute;m spinem a p\u011bti jedine\u010dn&yacute;mi profily podr&aacute;\u017eky. KOVAN&Eacute; V HIRO&Scaron;IM\u011a V JAPONSKU Jednod&iacute;ln&eacute; Grain Flow Forged HD [&hellip;]<\/p>\n","protected":false},"featured_media":40719,"comment_status":"closed","ping_status":"open","template":"","meta":{"_acf_changed":false,"_monsterinsights_skip_tracking":false,"_monsterinsights_sitenote_active":false,"_monsterinsights_sitenote_note":"","_monsterinsights_sitenote_category":0},"pwb-brand":[53],"product_brand":[],"product_cat":[115,116],"product_tag":[],"class_list":{"0":"post-40718","1":"product","2":"type-product","3":"status-publish","4":"has-post-thumbnail","6":"pwb-brand-mizuno","7":"product_cat-golfove-hole","8":"product_cat-golfove-wedge","9":"pa_barva-oranzova","10":"pa_pohlavi-panske","11":"pa_vek-dospeli","13":"first","14":"instock","15":"sale","16":"product-type-external"},"acf":[],"yoast_head":"<!-- This site is optimized with the Yoast SEO plugin v27.4 - https:\/\/yoast.com\/product\/yoast-seo-wordpress\/ -->\n<title>Mizuno T24 Copper Golfov\u00e1 hole - wedge Prav\u00e1 ruka 52\u00b0 10\u00b0 za 4 080 K\u010d skladem - Jamkovi\u0161t\u011b<\/title>\n<meta name=\"description\" content=\"Mizuno T24 Copper Golfov\u00e1 hole - wedge Prav\u00e1 ruka 52\u00b0 10\u00b0 za skv\u011blou cenu 4 080 K\u010d skladem \u2714\ufe0f ihned k odesl\u00e1n\u00ed.\" \/>\n<meta name=\"robots\" content=\"index, follow, max-snippet:-1, max-image-preview:large, max-video-preview:-1\" \/>\n<link rel=\"canonical\" href=\"https:\/\/www.jamkoviste.cz\/obchod\/produkt\/mizuno-t24-copper-golfova-hole-wedge-prava-ruka-52-10\/\" \/>\n<meta property=\"og:locale\" content=\"cs_CZ\" \/>\n<meta property=\"og:type\" content=\"article\" \/>\n<meta property=\"og:title\" content=\"Mizuno T24 Copper Golfov\u00e1 hole - wedge Prav\u00e1 ruka 52\u00b0 10\u00b0 za 4 080 K\u010d skladem - Jamkovi\u0161t\u011b\" \/>\n<meta property=\"og:description\" content=\"Mizuno T24 Copper Golfov\u00e1 hole - wedge Prav\u00e1 ruka 52\u00b0 10\u00b0 za skv\u011blou cenu 4 080 K\u010d skladem \u2714\ufe0f ihned k odesl\u00e1n\u00ed.\" \/>\n<meta property=\"og:url\" content=\"https:\/\/www.jamkoviste.cz\/obchod\/produkt\/mizuno-t24-copper-golfova-hole-wedge-prava-ruka-52-10\/\" \/>\n<meta property=\"og:site_name\" content=\"Jamkovi\u0161t\u011b\" \/>\n<meta property=\"og:image\" content=\"https:\/\/www.jamkoviste.cz\/obchod\/wp-content\/uploads\/2024\/04\/main_995edd02.jpg\" \/>\n\t<meta property=\"og:image:width\" content=\"1388\" \/>\n\t<meta property=\"og:image:height\" content=\"1600\" \/>\n\t<meta property=\"og:image:type\" content=\"image\/jpeg\" \/>\n<meta name=\"twitter:card\" content=\"summary_large_image\" \/>\n<meta name=\"twitter:label1\" content=\"Odhadovan\u00e1 doba \u010dten\u00ed\" \/>\n\t<meta name=\"twitter:data1\" content=\"2 minuty\" \/>\n<script type=\"application\/ld+json\" class=\"yoast-schema-graph\">{\"@context\":\"https:\\\/\\\/schema.org\",\"@graph\":[{\"@type\":\"WebPage\",\"@id\":\"https:\\\/\\\/www.jamkoviste.cz\\\/obchod\\\/produkt\\\/mizuno-t24-copper-golfova-hole-wedge-prava-ruka-52-10\\\/\",\"url\":\"https:\\\/\\\/www.jamkoviste.cz\\\/obchod\\\/produkt\\\/mizuno-t24-copper-golfova-hole-wedge-prava-ruka-52-10\\\/\",\"name\":\"Mizuno T24 Copper Golfov\u00e1 hole - wedge Prav\u00e1 ruka 52\u00b0 10\u00b0 za 4 080 K\u010d skladem - Jamkovi\u0161t\u011b\",\"isPartOf\":{\"@id\":\"https:\\\/\\\/www.jamkoviste.cz\\\/obchod\\\/#website\"},\"primaryImageOfPage\":{\"@id\":\"https:\\\/\\\/www.jamkoviste.cz\\\/obchod\\\/produkt\\\/mizuno-t24-copper-golfova-hole-wedge-prava-ruka-52-10\\\/#primaryimage\"},\"image\":{\"@id\":\"https:\\\/\\\/www.jamkoviste.cz\\\/obchod\\\/produkt\\\/mizuno-t24-copper-golfova-hole-wedge-prava-ruka-52-10\\\/#primaryimage\"},\"thumbnailUrl\":\"https:\\\/\\\/www.jamkoviste.cz\\\/obchod\\\/wp-content\\\/uploads\\\/2024\\\/04\\\/main_995edd02.jpg\",\"datePublished\":\"2025-11-06T23:44:31+00:00\",\"description\":\"Mizuno T24 Copper Golfov\u00e1 hole - wedge Prav\u00e1 ruka 52\u00b0 10\u00b0 za skv\u011blou cenu 4 080 K\u010d skladem \u2714\ufe0f ihned k odesl\u00e1n\u00ed.\",\"breadcrumb\":{\"@id\":\"https:\\\/\\\/www.jamkoviste.cz\\\/obchod\\\/produkt\\\/mizuno-t24-copper-golfova-hole-wedge-prava-ruka-52-10\\\/#breadcrumb\"},\"inLanguage\":\"cs\",\"potentialAction\":[{\"@type\":\"ReadAction\",\"target\":[\"https:\\\/\\\/www.jamkoviste.cz\\\/obchod\\\/produkt\\\/mizuno-t24-copper-golfova-hole-wedge-prava-ruka-52-10\\\/\"]}]},{\"@type\":\"ImageObject\",\"inLanguage\":\"cs\",\"@id\":\"https:\\\/\\\/www.jamkoviste.cz\\\/obchod\\\/produkt\\\/mizuno-t24-copper-golfova-hole-wedge-prava-ruka-52-10\\\/#primaryimage\",\"url\":\"https:\\\/\\\/www.jamkoviste.cz\\\/obchod\\\/wp-content\\\/uploads\\\/2024\\\/04\\\/main_995edd02.jpg\",\"contentUrl\":\"https:\\\/\\\/www.jamkoviste.cz\\\/obchod\\\/wp-content\\\/uploads\\\/2024\\\/04\\\/main_995edd02.jpg\",\"width\":1388,\"height\":1600},{\"@type\":\"BreadcrumbList\",\"@id\":\"https:\\\/\\\/www.jamkoviste.cz\\\/obchod\\\/produkt\\\/mizuno-t24-copper-golfova-hole-wedge-prava-ruka-52-10\\\/#breadcrumb\",\"itemListElement\":[{\"@type\":\"ListItem\",\"position\":1,\"name\":\"Dom\u016f\",\"item\":\"https:\\\/\\\/www.jamkoviste.cz\\\/obchod\\\/\"},{\"@type\":\"ListItem\",\"position\":2,\"name\":\"Obchod\",\"item\":\"https:\\\/\\\/www.jamkoviste.cz\\\/obchod\\\/?page_id=6\"},{\"@type\":\"ListItem\",\"position\":3,\"name\":\"Mizuno T24 Copper Golfov\u00e1 hole &#8211; wedge Prav\u00e1 ruka 52\u00b0 10\u00b0\"}]},{\"@type\":\"WebSite\",\"@id\":\"https:\\\/\\\/www.jamkoviste.cz\\\/obchod\\\/#website\",\"url\":\"https:\\\/\\\/www.jamkoviste.cz\\\/obchod\\\/\",\"name\":\"Jamkovi\u0161t\u011b\",\"description\":\"V\u00fdb\u011br t\u011bch nejlep\u0161\u00edch golfov\u00fdch produkt\u016f\",\"publisher\":{\"@id\":\"https:\\\/\\\/www.jamkoviste.cz\\\/obchod\\\/#organization\"},\"potentialAction\":[{\"@type\":\"SearchAction\",\"target\":{\"@type\":\"EntryPoint\",\"urlTemplate\":\"https:\\\/\\\/www.jamkoviste.cz\\\/obchod\\\/?s={search_term_string}\"},\"query-input\":{\"@type\":\"PropertyValueSpecification\",\"valueRequired\":true,\"valueName\":\"search_term_string\"}}],\"inLanguage\":\"cs\"},{\"@type\":\"Organization\",\"@id\":\"https:\\\/\\\/www.jamkoviste.cz\\\/obchod\\\/#organization\",\"name\":\"Jamkovi\u0161t\u011b\",\"url\":\"https:\\\/\\\/www.jamkoviste.cz\\\/obchod\\\/\",\"logo\":{\"@type\":\"ImageObject\",\"inLanguage\":\"cs\",\"@id\":\"https:\\\/\\\/www.jamkoviste.cz\\\/obchod\\\/#\\\/schema\\\/logo\\\/image\\\/\",\"url\":\"https:\\\/\\\/www.jamkoviste.cz\\\/obchod\\\/wp-content\\\/uploads\\\/2021\\\/03\\\/cropped-logo.png\",\"contentUrl\":\"https:\\\/\\\/www.jamkoviste.cz\\\/obchod\\\/wp-content\\\/uploads\\\/2021\\\/03\\\/cropped-logo.png\",\"width\":351,\"height\":82,\"caption\":\"Jamkovi\u0161t\u011b\"},\"image\":{\"@id\":\"https:\\\/\\\/www.jamkoviste.cz\\\/obchod\\\/#\\\/schema\\\/logo\\\/image\\\/\"}}]}<\/script>\n<!-- \/ Yoast SEO plugin. -->","yoast_head_json":{"title":"Mizuno T24 Copper Golfov\u00e1 hole - wedge Prav\u00e1 ruka 52\u00b0 10\u00b0 za 4 080 K\u010d skladem - Jamkovi\u0161t\u011b","description":"Mizuno T24 Copper Golfov\u00e1 hole - wedge Prav\u00e1 ruka 52\u00b0 10\u00b0 za skv\u011blou cenu 4 080 K\u010d skladem \u2714\ufe0f ihned k odesl\u00e1n\u00ed.","robots":{"index":"index","follow":"follow","max-snippet":"max-snippet:-1","max-image-preview":"max-image-preview:large","max-video-preview":"max-video-preview:-1"},"canonical":"https:\/\/www.jamkoviste.cz\/obchod\/produkt\/mizuno-t24-copper-golfova-hole-wedge-prava-ruka-52-10\/","og_locale":"cs_CZ","og_type":"article","og_title":"Mizuno T24 Copper Golfov\u00e1 hole - wedge Prav\u00e1 ruka 52\u00b0 10\u00b0 za 4 080 K\u010d skladem - Jamkovi\u0161t\u011b","og_description":"Mizuno T24 Copper Golfov\u00e1 hole - wedge Prav\u00e1 ruka 52\u00b0 10\u00b0 za skv\u011blou cenu 4 080 K\u010d skladem \u2714\ufe0f ihned k odesl\u00e1n\u00ed.","og_url":"https:\/\/www.jamkoviste.cz\/obchod\/produkt\/mizuno-t24-copper-golfova-hole-wedge-prava-ruka-52-10\/","og_site_name":"Jamkovi\u0161t\u011b","og_image":[{"width":1388,"height":1600,"url":"https:\/\/www.jamkoviste.cz\/obchod\/wp-content\/uploads\/2024\/04\/main_995edd02.jpg","type":"image\/jpeg"}],"twitter_card":"summary_large_image","twitter_misc":{"Odhadovan\u00e1 doba \u010dten\u00ed":"2 minuty"},"schema":{"@context":"https:\/\/schema.org","@graph":[{"@type":"WebPage","@id":"https:\/\/www.jamkoviste.cz\/obchod\/produkt\/mizuno-t24-copper-golfova-hole-wedge-prava-ruka-52-10\/","url":"https:\/\/www.jamkoviste.cz\/obchod\/produkt\/mizuno-t24-copper-golfova-hole-wedge-prava-ruka-52-10\/","name":"Mizuno T24 Copper Golfov\u00e1 hole - wedge Prav\u00e1 ruka 52\u00b0 10\u00b0 za 4 080 K\u010d skladem - Jamkovi\u0161t\u011b","isPartOf":{"@id":"https:\/\/www.jamkoviste.cz\/obchod\/#website"},"primaryImageOfPage":{"@id":"https:\/\/www.jamkoviste.cz\/obchod\/produkt\/mizuno-t24-copper-golfova-hole-wedge-prava-ruka-52-10\/#primaryimage"},"image":{"@id":"https:\/\/www.jamkoviste.cz\/obchod\/produkt\/mizuno-t24-copper-golfova-hole-wedge-prava-ruka-52-10\/#primaryimage"},"thumbnailUrl":"https:\/\/www.jamkoviste.cz\/obchod\/wp-content\/uploads\/2024\/04\/main_995edd02.jpg","datePublished":"2025-11-06T23:44:31+00:00","description":"Mizuno T24 Copper Golfov\u00e1 hole - wedge Prav\u00e1 ruka 52\u00b0 10\u00b0 za skv\u011blou cenu 4 080 K\u010d skladem \u2714\ufe0f ihned k odesl\u00e1n\u00ed.","breadcrumb":{"@id":"https:\/\/www.jamkoviste.cz\/obchod\/produkt\/mizuno-t24-copper-golfova-hole-wedge-prava-ruka-52-10\/#breadcrumb"},"inLanguage":"cs","potentialAction":[{"@type":"ReadAction","target":["https:\/\/www.jamkoviste.cz\/obchod\/produkt\/mizuno-t24-copper-golfova-hole-wedge-prava-ruka-52-10\/"]}]},{"@type":"ImageObject","inLanguage":"cs","@id":"https:\/\/www.jamkoviste.cz\/obchod\/produkt\/mizuno-t24-copper-golfova-hole-wedge-prava-ruka-52-10\/#primaryimage","url":"https:\/\/www.jamkoviste.cz\/obchod\/wp-content\/uploads\/2024\/04\/main_995edd02.jpg","contentUrl":"https:\/\/www.jamkoviste.cz\/obchod\/wp-content\/uploads\/2024\/04\/main_995edd02.jpg","width":1388,"height":1600},{"@type":"BreadcrumbList","@id":"https:\/\/www.jamkoviste.cz\/obchod\/produkt\/mizuno-t24-copper-golfova-hole-wedge-prava-ruka-52-10\/#breadcrumb","itemListElement":[{"@type":"ListItem","position":1,"name":"Dom\u016f","item":"https:\/\/www.jamkoviste.cz\/obchod\/"},{"@type":"ListItem","position":2,"name":"Obchod","item":"https:\/\/www.jamkoviste.cz\/obchod\/?page_id=6"},{"@type":"ListItem","position":3,"name":"Mizuno T24 Copper Golfov\u00e1 hole &#8211; wedge Prav\u00e1 ruka 52\u00b0 10\u00b0"}]},{"@type":"WebSite","@id":"https:\/\/www.jamkoviste.cz\/obchod\/#website","url":"https:\/\/www.jamkoviste.cz\/obchod\/","name":"Jamkovi\u0161t\u011b","description":"V\u00fdb\u011br t\u011bch nejlep\u0161\u00edch golfov\u00fdch produkt\u016f","publisher":{"@id":"https:\/\/www.jamkoviste.cz\/obchod\/#organization"},"potentialAction":[{"@type":"SearchAction","target":{"@type":"EntryPoint","urlTemplate":"https:\/\/www.jamkoviste.cz\/obchod\/?s={search_term_string}"},"query-input":{"@type":"PropertyValueSpecification","valueRequired":true,"valueName":"search_term_string"}}],"inLanguage":"cs"},{"@type":"Organization","@id":"https:\/\/www.jamkoviste.cz\/obchod\/#organization","name":"Jamkovi\u0161t\u011b","url":"https:\/\/www.jamkoviste.cz\/obchod\/","logo":{"@type":"ImageObject","inLanguage":"cs","@id":"https:\/\/www.jamkoviste.cz\/obchod\/#\/schema\/logo\/image\/","url":"https:\/\/www.jamkoviste.cz\/obchod\/wp-content\/uploads\/2021\/03\/cropped-logo.png","contentUrl":"https:\/\/www.jamkoviste.cz\/obchod\/wp-content\/uploads\/2021\/03\/cropped-logo.png","width":351,"height":82,"caption":"Jamkovi\u0161t\u011b"},"image":{"@id":"https:\/\/www.jamkoviste.cz\/obchod\/#\/schema\/logo\/image\/"}}]}},"brands":[{"id":53,"name":"Mizuno","slug":"mizuno"}],"_links":{"self":[{"href":"https:\/\/www.jamkoviste.cz\/obchod\/wp-json\/wp\/v2\/product\/40718","targetHints":{"allow":["GET"]}}],"collection":[{"href":"https:\/\/www.jamkoviste.cz\/obchod\/wp-json\/wp\/v2\/product"}],"about":[{"href":"https:\/\/www.jamkoviste.cz\/obchod\/wp-json\/wp\/v2\/types\/product"}],"replies":[{"embeddable":true,"href":"https:\/\/www.jamkoviste.cz\/obchod\/wp-json\/wp\/v2\/comments?post=40718"}],"wp:featuredmedia":[{"embeddable":true,"href":"https:\/\/www.jamkoviste.cz\/obchod\/wp-json\/wp\/v2\/media\/40719"}],"wp:attachment":[{"href":"https:\/\/www.jamkoviste.cz\/obchod\/wp-json\/wp\/v2\/media?parent=40718"}],"wp:term":[{"taxonomy":"pwb-brand","embeddable":true,"href":"https:\/\/www.jamkoviste.cz\/obchod\/wp-json\/wp\/v2\/pwb-brand?post=40718"},{"taxonomy":"product_brand","embeddable":true,"href":"https:\/\/www.jamkoviste.cz\/obchod\/wp-json\/wp\/v2\/product_brand?post=40718"},{"taxonomy":"product_cat","embeddable":true,"href":"https:\/\/www.jamkoviste.cz\/obchod\/wp-json\/wp\/v2\/product_cat?post=40718"},{"taxonomy":"product_tag","embeddable":true,"href":"https:\/\/www.jamkoviste.cz\/obchod\/wp-json\/wp\/v2\/product_tag?post=40718"}],"curies":[{"name":"wp","href":"https:\/\/api.w.org\/{rel}","templated":true}]}}