{"id":43282,"date":"2025-11-07T00:44:20","date_gmt":"2025-11-06T23:44:20","guid":{"rendered":"https:\/\/www.jamkoviste.cz\/obchod\/produkt\/masters-golf-pinzer-c2-gts-right-hand-chipper\/"},"modified":"2025-11-07T00:44:22","modified_gmt":"2025-11-06T23:44:22","slug":"masters-golf-pinzer-c2-chipper-golfova-hole-wedge-prava-ruka","status":"publish","type":"product","link":"https:\/\/www.jamkoviste.cz\/obchod\/produkt\/masters-golf-pinzer-c2-chipper-golfova-hole-wedge-prava-ruka\/","title":{"rendered":"Masters Golf Pinzer C2 Chipper Golfov\u00e1 hole &#8211; wedge Prav\u00e1 ruka"},"content":{"rendered":"<p>V&scaron;estrann&yacute; chipper Pinzer C1 je neuv\u011b\u0159iteln\u011b chytr&aacute; h\u016fl, kter&aacute; v&aacute;m pom\u016f\u017ee zdokonalit v&aacute;&scaron; kr&aacute;tkou hru. Je navr\u017eena tak, aby poskytovala v\u011bt&scaron;&iacute; kontrolu p\u0159i h\u0159e kolem green\u016f, kdy\u017e nem&aacute;te jistotu spr&aacute;vn&eacute;ho &uacute;deru wedgem nebo putterem.<br \/>\nPreferovan\u00e1 ruka: Prav\u00e1 ruka<br \/>\nV\u011bkov\u00e1 skupina: Dosp\u011bl\u00fd<br \/>\nPohlav\u00ed: Unisex<br \/>\nBarva: \u010cern\u00e1<\/p>\n","protected":false},"excerpt":{"rendered":"<p>V&scaron;estrann&yacute; chipper Pinzer C1 je neuv\u011b\u0159iteln\u011b chytr&aacute; h\u016fl, kter&aacute; v&aacute;m pom\u016f\u017ee zdokonalit v&aacute;&scaron; kr&aacute;tkou hru. Je navr\u017eena tak, aby poskytovala v\u011bt&scaron;&iacute; kontrolu p\u0159i h\u0159e kolem green\u016f, kdy\u017e nem&aacute;te jistotu spr&aacute;vn&eacute;ho &uacute;deru wedgem nebo putterem. Preferovan\u00e1 ruka: Prav\u00e1 ruka V\u011bkov\u00e1 skupina: Dosp\u011bl\u00fd Pohlav\u00ed: Unisex Barva: \u010cern\u00e1<\/p>\n","protected":false},"featured_media":43283,"comment_status":"closed","ping_status":"open","template":"","meta":{"_acf_changed":false,"_monsterinsights_skip_tracking":false,"_monsterinsights_sitenote_active":false,"_monsterinsights_sitenote_note":"","_monsterinsights_sitenote_category":0},"pwb-brand":[38],"product_brand":[],"product_cat":[115,116],"product_tag":[],"class_list":{"0":"post-43282","1":"product","2":"type-product","3":"status-publish","4":"has-post-thumbnail","6":"pwb-brand-masters-golf","7":"product_cat-golfove-hole","8":"product_cat-golfove-wedge","9":"pa_barva-cerna","10":"pa_pohlavi-unisex","11":"pa_vek-dospeli","13":"first","14":"instock","15":"product-type-external"},"acf":[],"yoast_head":"<!-- This site is optimized with the Yoast SEO plugin v27.4 - https:\/\/yoast.com\/product\/yoast-seo-wordpress\/ -->\n<title>Masters Golf Pinzer C2 Chipper Golfov\u00e1 hole - wedge Prav\u00e1 ruka za 1 743 K\u010d skladem - Jamkovi\u0161t\u011b<\/title>\n<meta name=\"description\" content=\"Masters Golf Pinzer C2 Chipper Golfov\u00e1 hole - wedge Prav\u00e1 ruka za skv\u011blou cenu 1 743 K\u010d skladem \u2714\ufe0f ihned k odesl\u00e1n\u00ed.\" \/>\n<meta name=\"robots\" content=\"index, follow, max-snippet:-1, max-image-preview:large, max-video-preview:-1\" \/>\n<link rel=\"canonical\" href=\"https:\/\/www.jamkoviste.cz\/obchod\/produkt\/masters-golf-pinzer-c2-chipper-golfova-hole-wedge-prava-ruka\/\" \/>\n<meta property=\"og:locale\" content=\"cs_CZ\" \/>\n<meta property=\"og:type\" content=\"article\" \/>\n<meta property=\"og:title\" content=\"Masters Golf Pinzer C2 Chipper Golfov\u00e1 hole - wedge Prav\u00e1 ruka za 1 743 K\u010d skladem - Jamkovi\u0161t\u011b\" \/>\n<meta property=\"og:description\" content=\"Masters Golf Pinzer C2 Chipper Golfov\u00e1 hole - wedge Prav\u00e1 ruka za skv\u011blou cenu 1 743 K\u010d skladem \u2714\ufe0f ihned k odesl\u00e1n\u00ed.\" \/>\n<meta property=\"og:url\" content=\"https:\/\/www.jamkoviste.cz\/obchod\/produkt\/masters-golf-pinzer-c2-chipper-golfova-hole-wedge-prava-ruka\/\" \/>\n<meta property=\"og:site_name\" content=\"Jamkovi\u0161t\u011b\" \/>\n<meta property=\"article:modified_time\" content=\"2025-11-06T23:44:22+00:00\" \/>\n<meta property=\"og:image\" content=\"https:\/\/www.jamkoviste.cz\/obchod\/wp-content\/uploads\/2024\/06\/main_592f99a8.jpg\" \/>\n\t<meta property=\"og:image:width\" content=\"800\" \/>\n\t<meta property=\"og:image:height\" content=\"748\" \/>\n\t<meta property=\"og:image:type\" content=\"image\/jpeg\" \/>\n<meta name=\"twitter:card\" content=\"summary_large_image\" \/>\n<script type=\"application\/ld+json\" class=\"yoast-schema-graph\">{\"@context\":\"https:\\\/\\\/schema.org\",\"@graph\":[{\"@type\":\"WebPage\",\"@id\":\"https:\\\/\\\/www.jamkoviste.cz\\\/obchod\\\/produkt\\\/masters-golf-pinzer-c2-chipper-golfova-hole-wedge-prava-ruka\\\/\",\"url\":\"https:\\\/\\\/www.jamkoviste.cz\\\/obchod\\\/produkt\\\/masters-golf-pinzer-c2-chipper-golfova-hole-wedge-prava-ruka\\\/\",\"name\":\"Masters Golf Pinzer C2 Chipper Golfov\u00e1 hole - wedge Prav\u00e1 ruka za 1 743 K\u010d skladem - Jamkovi\u0161t\u011b\",\"isPartOf\":{\"@id\":\"https:\\\/\\\/www.jamkoviste.cz\\\/obchod\\\/#website\"},\"primaryImageOfPage\":{\"@id\":\"https:\\\/\\\/www.jamkoviste.cz\\\/obchod\\\/produkt\\\/masters-golf-pinzer-c2-chipper-golfova-hole-wedge-prava-ruka\\\/#primaryimage\"},\"image\":{\"@id\":\"https:\\\/\\\/www.jamkoviste.cz\\\/obchod\\\/produkt\\\/masters-golf-pinzer-c2-chipper-golfova-hole-wedge-prava-ruka\\\/#primaryimage\"},\"thumbnailUrl\":\"https:\\\/\\\/www.jamkoviste.cz\\\/obchod\\\/wp-content\\\/uploads\\\/2024\\\/06\\\/main_592f99a8.jpg\",\"datePublished\":\"2025-11-06T23:44:20+00:00\",\"dateModified\":\"2025-11-06T23:44:22+00:00\",\"description\":\"Masters Golf Pinzer C2 Chipper Golfov\u00e1 hole - wedge Prav\u00e1 ruka za skv\u011blou cenu 1 743 K\u010d skladem \u2714\ufe0f ihned k odesl\u00e1n\u00ed.\",\"breadcrumb\":{\"@id\":\"https:\\\/\\\/www.jamkoviste.cz\\\/obchod\\\/produkt\\\/masters-golf-pinzer-c2-chipper-golfova-hole-wedge-prava-ruka\\\/#breadcrumb\"},\"inLanguage\":\"cs\",\"potentialAction\":[{\"@type\":\"ReadAction\",\"target\":[\"https:\\\/\\\/www.jamkoviste.cz\\\/obchod\\\/produkt\\\/masters-golf-pinzer-c2-chipper-golfova-hole-wedge-prava-ruka\\\/\"]}]},{\"@type\":\"ImageObject\",\"inLanguage\":\"cs\",\"@id\":\"https:\\\/\\\/www.jamkoviste.cz\\\/obchod\\\/produkt\\\/masters-golf-pinzer-c2-chipper-golfova-hole-wedge-prava-ruka\\\/#primaryimage\",\"url\":\"https:\\\/\\\/www.jamkoviste.cz\\\/obchod\\\/wp-content\\\/uploads\\\/2024\\\/06\\\/main_592f99a8.jpg\",\"contentUrl\":\"https:\\\/\\\/www.jamkoviste.cz\\\/obchod\\\/wp-content\\\/uploads\\\/2024\\\/06\\\/main_592f99a8.jpg\",\"width\":800,\"height\":748},{\"@type\":\"BreadcrumbList\",\"@id\":\"https:\\\/\\\/www.jamkoviste.cz\\\/obchod\\\/produkt\\\/masters-golf-pinzer-c2-chipper-golfova-hole-wedge-prava-ruka\\\/#breadcrumb\",\"itemListElement\":[{\"@type\":\"ListItem\",\"position\":1,\"name\":\"Dom\u016f\",\"item\":\"https:\\\/\\\/www.jamkoviste.cz\\\/obchod\\\/\"},{\"@type\":\"ListItem\",\"position\":2,\"name\":\"Obchod\",\"item\":\"https:\\\/\\\/www.jamkoviste.cz\\\/obchod\\\/?page_id=6\"},{\"@type\":\"ListItem\",\"position\":3,\"name\":\"Masters Golf Pinzer C2 Chipper Golfov\u00e1 hole &#8211; wedge Prav\u00e1 ruka\"}]},{\"@type\":\"WebSite\",\"@id\":\"https:\\\/\\\/www.jamkoviste.cz\\\/obchod\\\/#website\",\"url\":\"https:\\\/\\\/www.jamkoviste.cz\\\/obchod\\\/\",\"name\":\"Jamkovi\u0161t\u011b\",\"description\":\"V\u00fdb\u011br t\u011bch nejlep\u0161\u00edch golfov\u00fdch produkt\u016f\",\"publisher\":{\"@id\":\"https:\\\/\\\/www.jamkoviste.cz\\\/obchod\\\/#organization\"},\"potentialAction\":[{\"@type\":\"SearchAction\",\"target\":{\"@type\":\"EntryPoint\",\"urlTemplate\":\"https:\\\/\\\/www.jamkoviste.cz\\\/obchod\\\/?s={search_term_string}\"},\"query-input\":{\"@type\":\"PropertyValueSpecification\",\"valueRequired\":true,\"valueName\":\"search_term_string\"}}],\"inLanguage\":\"cs\"},{\"@type\":\"Organization\",\"@id\":\"https:\\\/\\\/www.jamkoviste.cz\\\/obchod\\\/#organization\",\"name\":\"Jamkovi\u0161t\u011b\",\"url\":\"https:\\\/\\\/www.jamkoviste.cz\\\/obchod\\\/\",\"logo\":{\"@type\":\"ImageObject\",\"inLanguage\":\"cs\",\"@id\":\"https:\\\/\\\/www.jamkoviste.cz\\\/obchod\\\/#\\\/schema\\\/logo\\\/image\\\/\",\"url\":\"https:\\\/\\\/www.jamkoviste.cz\\\/obchod\\\/wp-content\\\/uploads\\\/2021\\\/03\\\/cropped-logo.png\",\"contentUrl\":\"https:\\\/\\\/www.jamkoviste.cz\\\/obchod\\\/wp-content\\\/uploads\\\/2021\\\/03\\\/cropped-logo.png\",\"width\":351,\"height\":82,\"caption\":\"Jamkovi\u0161t\u011b\"},\"image\":{\"@id\":\"https:\\\/\\\/www.jamkoviste.cz\\\/obchod\\\/#\\\/schema\\\/logo\\\/image\\\/\"}}]}<\/script>\n<!-- \/ Yoast SEO plugin. -->","yoast_head_json":{"title":"Masters Golf Pinzer C2 Chipper Golfov\u00e1 hole - wedge Prav\u00e1 ruka za 1 743 K\u010d skladem - Jamkovi\u0161t\u011b","description":"Masters Golf Pinzer C2 Chipper Golfov\u00e1 hole - wedge Prav\u00e1 ruka za skv\u011blou cenu 1 743 K\u010d skladem \u2714\ufe0f ihned k odesl\u00e1n\u00ed.","robots":{"index":"index","follow":"follow","max-snippet":"max-snippet:-1","max-image-preview":"max-image-preview:large","max-video-preview":"max-video-preview:-1"},"canonical":"https:\/\/www.jamkoviste.cz\/obchod\/produkt\/masters-golf-pinzer-c2-chipper-golfova-hole-wedge-prava-ruka\/","og_locale":"cs_CZ","og_type":"article","og_title":"Masters Golf Pinzer C2 Chipper Golfov\u00e1 hole - wedge Prav\u00e1 ruka za 1 743 K\u010d skladem - Jamkovi\u0161t\u011b","og_description":"Masters Golf Pinzer C2 Chipper Golfov\u00e1 hole - wedge Prav\u00e1 ruka za skv\u011blou cenu 1 743 K\u010d skladem \u2714\ufe0f ihned k odesl\u00e1n\u00ed.","og_url":"https:\/\/www.jamkoviste.cz\/obchod\/produkt\/masters-golf-pinzer-c2-chipper-golfova-hole-wedge-prava-ruka\/","og_site_name":"Jamkovi\u0161t\u011b","article_modified_time":"2025-11-06T23:44:22+00:00","og_image":[{"width":800,"height":748,"url":"https:\/\/www.jamkoviste.cz\/obchod\/wp-content\/uploads\/2024\/06\/main_592f99a8.jpg","type":"image\/jpeg"}],"twitter_card":"summary_large_image","schema":{"@context":"https:\/\/schema.org","@graph":[{"@type":"WebPage","@id":"https:\/\/www.jamkoviste.cz\/obchod\/produkt\/masters-golf-pinzer-c2-chipper-golfova-hole-wedge-prava-ruka\/","url":"https:\/\/www.jamkoviste.cz\/obchod\/produkt\/masters-golf-pinzer-c2-chipper-golfova-hole-wedge-prava-ruka\/","name":"Masters Golf Pinzer C2 Chipper Golfov\u00e1 hole - wedge Prav\u00e1 ruka za 1 743 K\u010d skladem - Jamkovi\u0161t\u011b","isPartOf":{"@id":"https:\/\/www.jamkoviste.cz\/obchod\/#website"},"primaryImageOfPage":{"@id":"https:\/\/www.jamkoviste.cz\/obchod\/produkt\/masters-golf-pinzer-c2-chipper-golfova-hole-wedge-prava-ruka\/#primaryimage"},"image":{"@id":"https:\/\/www.jamkoviste.cz\/obchod\/produkt\/masters-golf-pinzer-c2-chipper-golfova-hole-wedge-prava-ruka\/#primaryimage"},"thumbnailUrl":"https:\/\/www.jamkoviste.cz\/obchod\/wp-content\/uploads\/2024\/06\/main_592f99a8.jpg","datePublished":"2025-11-06T23:44:20+00:00","dateModified":"2025-11-06T23:44:22+00:00","description":"Masters Golf Pinzer C2 Chipper Golfov\u00e1 hole - wedge Prav\u00e1 ruka za skv\u011blou cenu 1 743 K\u010d skladem \u2714\ufe0f ihned k odesl\u00e1n\u00ed.","breadcrumb":{"@id":"https:\/\/www.jamkoviste.cz\/obchod\/produkt\/masters-golf-pinzer-c2-chipper-golfova-hole-wedge-prava-ruka\/#breadcrumb"},"inLanguage":"cs","potentialAction":[{"@type":"ReadAction","target":["https:\/\/www.jamkoviste.cz\/obchod\/produkt\/masters-golf-pinzer-c2-chipper-golfova-hole-wedge-prava-ruka\/"]}]},{"@type":"ImageObject","inLanguage":"cs","@id":"https:\/\/www.jamkoviste.cz\/obchod\/produkt\/masters-golf-pinzer-c2-chipper-golfova-hole-wedge-prava-ruka\/#primaryimage","url":"https:\/\/www.jamkoviste.cz\/obchod\/wp-content\/uploads\/2024\/06\/main_592f99a8.jpg","contentUrl":"https:\/\/www.jamkoviste.cz\/obchod\/wp-content\/uploads\/2024\/06\/main_592f99a8.jpg","width":800,"height":748},{"@type":"BreadcrumbList","@id":"https:\/\/www.jamkoviste.cz\/obchod\/produkt\/masters-golf-pinzer-c2-chipper-golfova-hole-wedge-prava-ruka\/#breadcrumb","itemListElement":[{"@type":"ListItem","position":1,"name":"Dom\u016f","item":"https:\/\/www.jamkoviste.cz\/obchod\/"},{"@type":"ListItem","position":2,"name":"Obchod","item":"https:\/\/www.jamkoviste.cz\/obchod\/?page_id=6"},{"@type":"ListItem","position":3,"name":"Masters Golf Pinzer C2 Chipper Golfov\u00e1 hole &#8211; wedge Prav\u00e1 ruka"}]},{"@type":"WebSite","@id":"https:\/\/www.jamkoviste.cz\/obchod\/#website","url":"https:\/\/www.jamkoviste.cz\/obchod\/","name":"Jamkovi\u0161t\u011b","description":"V\u00fdb\u011br t\u011bch nejlep\u0161\u00edch golfov\u00fdch produkt\u016f","publisher":{"@id":"https:\/\/www.jamkoviste.cz\/obchod\/#organization"},"potentialAction":[{"@type":"SearchAction","target":{"@type":"EntryPoint","urlTemplate":"https:\/\/www.jamkoviste.cz\/obchod\/?s={search_term_string}"},"query-input":{"@type":"PropertyValueSpecification","valueRequired":true,"valueName":"search_term_string"}}],"inLanguage":"cs"},{"@type":"Organization","@id":"https:\/\/www.jamkoviste.cz\/obchod\/#organization","name":"Jamkovi\u0161t\u011b","url":"https:\/\/www.jamkoviste.cz\/obchod\/","logo":{"@type":"ImageObject","inLanguage":"cs","@id":"https:\/\/www.jamkoviste.cz\/obchod\/#\/schema\/logo\/image\/","url":"https:\/\/www.jamkoviste.cz\/obchod\/wp-content\/uploads\/2021\/03\/cropped-logo.png","contentUrl":"https:\/\/www.jamkoviste.cz\/obchod\/wp-content\/uploads\/2021\/03\/cropped-logo.png","width":351,"height":82,"caption":"Jamkovi\u0161t\u011b"},"image":{"@id":"https:\/\/www.jamkoviste.cz\/obchod\/#\/schema\/logo\/image\/"}}]}},"brands":[{"id":38,"name":"Masters Golf","slug":"masters-golf"}],"_links":{"self":[{"href":"https:\/\/www.jamkoviste.cz\/obchod\/wp-json\/wp\/v2\/product\/43282","targetHints":{"allow":["GET"]}}],"collection":[{"href":"https:\/\/www.jamkoviste.cz\/obchod\/wp-json\/wp\/v2\/product"}],"about":[{"href":"https:\/\/www.jamkoviste.cz\/obchod\/wp-json\/wp\/v2\/types\/product"}],"replies":[{"embeddable":true,"href":"https:\/\/www.jamkoviste.cz\/obchod\/wp-json\/wp\/v2\/comments?post=43282"}],"wp:featuredmedia":[{"embeddable":true,"href":"https:\/\/www.jamkoviste.cz\/obchod\/wp-json\/wp\/v2\/media\/43283"}],"wp:attachment":[{"href":"https:\/\/www.jamkoviste.cz\/obchod\/wp-json\/wp\/v2\/media?parent=43282"}],"wp:term":[{"taxonomy":"pwb-brand","embeddable":true,"href":"https:\/\/www.jamkoviste.cz\/obchod\/wp-json\/wp\/v2\/pwb-brand?post=43282"},{"taxonomy":"product_brand","embeddable":true,"href":"https:\/\/www.jamkoviste.cz\/obchod\/wp-json\/wp\/v2\/product_brand?post=43282"},{"taxonomy":"product_cat","embeddable":true,"href":"https:\/\/www.jamkoviste.cz\/obchod\/wp-json\/wp\/v2\/product_cat?post=43282"},{"taxonomy":"product_tag","embeddable":true,"href":"https:\/\/www.jamkoviste.cz\/obchod\/wp-json\/wp\/v2\/product_tag?post=43282"}],"curies":[{"name":"wp","href":"https:\/\/api.w.org\/{rel}","templated":true}]}}