{"id":48121,"date":"2025-11-07T00:30:33","date_gmt":"2025-11-06T23:30:33","guid":{"rendered":"https:\/\/www.jamkoviste.cz\/obchod\/produkt\/big-max-aqua-style-4-royal-sky-blue-cart-bag\/"},"modified":"2025-11-07T00:30:35","modified_gmt":"2025-11-06T23:30:35","slug":"big-max-aqua-style-4-royal-sky-blue-cart-bag","status":"publish","type":"product","link":"https:\/\/www.jamkoviste.cz\/obchod\/produkt\/big-max-aqua-style-4-royal-sky-blue-cart-bag\/","title":{"rendered":"Big Max Aqua Style 4 Royal\/Sky Blue Cart Bag"},"content":{"rendered":"<p>P\u0159edstavujeme AQUA Style 4: vrchol elegantn&iacute; prakti\u010dnosti pro n&aacute;ro\u010dn&eacute; golfisty. Tato elegantn&iacute; ta&scaron;ka, navr\u017een&aacute; pro ka\u017edou situaci, poskytuje 100 % vodot\u011bsnou ochranu bez kompromis\u016f ve stylu. S roz&scaron;&iacute;\u0159enou chlad&iacute;c&iacute; kapsou, snadno p\u0159&iacute;stupn&yacute;mi p\u0159ihr&aacute;dkami a 14-sm\u011brn&yacute;m d\u011bl&iacute;c&iacute;m vrchem po cel&eacute; d&eacute;lce, AQUA Style 4 spojuje estetiku a funkci, d&iacute;ky \u010demu\u017e je dokonal&yacute;m dopl\u0148kem pro modern&iacute;ho golfistu, kter&yacute; hled&aacute; eleganci i v&yacute;kon. 100 % z&aacute;ruka odolnosti v\u016f\u010di pov\u011btrnostn&iacute;m vliv\u016fm  Vyroben&aacute; z nepromokav&yacute;ch materi&aacute;l\u016f, zip\u016f a zataven&yacute;ch &scaron;v\u016f, AQUA Style 4 stoj&iacute; jako pevnost proti \u017eivl\u016fm a chr&aacute;n&iacute; v&scaron;e, co na h\u0159i&scaron;ti nos&iacute;te s sebou.  Vylep&scaron;en&yacute; chlad&iacute;c&iacute; prostor  Prodlou\u017een&aacute; chlad&iacute;c&iacute; kapsa s dostate\u010dn&yacute;m prostorem a\u017e pro dv\u011b l&aacute;hve zaji&scaron;\u0165uje, \u017ee va&scaron;e n&aacute;poje budou snadno p\u0159&iacute;stupn&eacute; a chlazen&eacute;, abyste byli na h\u0159i&scaron;ti hydratov&aacute;ni.  Dostupnost a &uacute;lo\u017ei&scaron;t\u011b, p\u0159edefinovan&eacute;  &Scaron;ir&scaron;&iacute; design snadno p\u0159&iacute;stupn&yacute;ch kapes, spolu se 4 kapsami na cennosti, nov\u011b definuj&iacute; pohodl&iacute;. AQUA Style 4 p\u0159in&aacute;&scaron;&iacute; dostupnost na novou &uacute;rove\u0148 bez ob\u011btov&aacute;n&iacute; stylu nebo funkce.  Elegantn&iacute; organizace  14-sm\u011brn&aacute; p\u0159ep&aacute;\u017eka po cel&eacute; d&eacute;lce, extra p\u0159ihr&aacute;dka na putter a 9 vodot\u011bsn&yacute;ch kapes spojuj&iacute; ochranu s estetickou eleganc&iacute;. Ultralehk&aacute; konstrukce je bezprobl&eacute;mov&yacute;m spojen&iacute;m funkce a stylu, zt\u011bles\u0148uje eleganci modern&iacute;ho golfisty.  Specifikace  Vrch: 14-sm\u011brn&yacute; Po\u010det kapes: 10<br \/>\nHmotnost: 2,5 kg<br \/>\nS\u00e9rie: Aqua<br \/>\nRozm\u011bry: 93 x 37 x 49 cm<br \/>\nNepromokav\u00e9: Ano<br \/>\nPo\u010det komor pro hole: 14slo\u017ekov\u00fd<br \/>\nZem\u011b p\u016fvodu: \u010c\u00edna<br \/>\nPohlav\u00ed: Unisex<br \/>\nBarva: Modr\u00e1<br \/>\nVarianta: Standardn\u00ed nab\u00eddka<br \/>\nV\u011bkov\u00e1 skupina: Dosp\u011bl\u00fd<br \/>\nBarva podle v\u00fdrobce: Royal\/Sky Blue<\/p>\n","protected":false},"excerpt":{"rendered":"<p>P\u0159edstavujeme AQUA Style 4: vrchol elegantn&iacute; prakti\u010dnosti pro n&aacute;ro\u010dn&eacute; golfisty. Tato elegantn&iacute; ta&scaron;ka, navr\u017een&aacute; pro ka\u017edou situaci, poskytuje 100 % vodot\u011bsnou ochranu bez kompromis\u016f ve stylu. S roz&scaron;&iacute;\u0159enou chlad&iacute;c&iacute; kapsou, snadno p\u0159&iacute;stupn&yacute;mi p\u0159ihr&aacute;dkami a 14-sm\u011brn&yacute;m d\u011bl&iacute;c&iacute;m vrchem po cel&eacute; d&eacute;lce, AQUA Style 4 spojuje estetiku a funkci, d&iacute;ky \u010demu\u017e je dokonal&yacute;m dopl\u0148kem pro modern&iacute;ho golfistu, [&hellip;]<\/p>\n","protected":false},"featured_media":48122,"comment_status":"closed","ping_status":"open","template":"","meta":{"_acf_changed":false,"_monsterinsights_skip_tracking":false,"_monsterinsights_sitenote_active":false,"_monsterinsights_sitenote_note":"","_monsterinsights_sitenote_category":0},"pwb-brand":[40],"product_brand":[],"product_cat":[76,153],"product_tag":[],"class_list":{"0":"post-48121","1":"product","2":"type-product","3":"status-publish","4":"has-post-thumbnail","6":"pwb-brand-big-max","7":"product_cat-golfove-bagy","8":"product_cat-golfove-cart-bagy","9":"pa_barva-modra","10":"pa_pohlavi-unisex","11":"pa_vek-dospeli","13":"first","14":"instock","15":"product-type-external"},"acf":[],"yoast_head":"<!-- This site is optimized with the Yoast SEO plugin v27.4 - https:\/\/yoast.com\/product\/yoast-seo-wordpress\/ -->\n<title>Big Max Aqua Style 4 Royal\/Sky Blue Cart Bag za 5 780 K\u010d skladem - Jamkovi\u0161t\u011b<\/title>\n<meta name=\"description\" content=\"Big Max Aqua Style 4 Royal\/Sky Blue Cart Bag za skv\u011blou cenu 5 780 K\u010d skladem \u2714\ufe0f ihned k odesl\u00e1n\u00ed.\" \/>\n<meta name=\"robots\" content=\"index, follow, max-snippet:-1, max-image-preview:large, max-video-preview:-1\" \/>\n<link rel=\"canonical\" href=\"https:\/\/www.jamkoviste.cz\/obchod\/produkt\/big-max-aqua-style-4-royal-sky-blue-cart-bag\/\" \/>\n<meta property=\"og:locale\" content=\"cs_CZ\" \/>\n<meta property=\"og:type\" content=\"article\" \/>\n<meta property=\"og:title\" content=\"Big Max Aqua Style 4 Royal\/Sky Blue Cart Bag za 5 780 K\u010d skladem - Jamkovi\u0161t\u011b\" \/>\n<meta property=\"og:description\" content=\"Big Max Aqua Style 4 Royal\/Sky Blue Cart Bag za skv\u011blou cenu 5 780 K\u010d skladem \u2714\ufe0f ihned k odesl\u00e1n\u00ed.\" \/>\n<meta property=\"og:url\" content=\"https:\/\/www.jamkoviste.cz\/obchod\/produkt\/big-max-aqua-style-4-royal-sky-blue-cart-bag\/\" \/>\n<meta property=\"og:site_name\" content=\"Jamkovi\u0161t\u011b\" \/>\n<meta property=\"article:modified_time\" content=\"2025-11-06T23:30:35+00:00\" \/>\n<meta property=\"og:image\" content=\"https:\/\/www.jamkoviste.cz\/obchod\/wp-content\/uploads\/2024\/10\/main_8f369e3b.jpg\" \/>\n\t<meta property=\"og:image:width\" content=\"456\" \/>\n\t<meta property=\"og:image:height\" content=\"800\" \/>\n\t<meta property=\"og:image:type\" content=\"image\/jpeg\" \/>\n<meta name=\"twitter:card\" content=\"summary_large_image\" \/>\n<meta name=\"twitter:label1\" content=\"Odhadovan\u00e1 doba \u010dten\u00ed\" \/>\n\t<meta name=\"twitter:data1\" content=\"2 minuty\" \/>\n<script type=\"application\/ld+json\" class=\"yoast-schema-graph\">{\"@context\":\"https:\\\/\\\/schema.org\",\"@graph\":[{\"@type\":\"WebPage\",\"@id\":\"https:\\\/\\\/www.jamkoviste.cz\\\/obchod\\\/produkt\\\/big-max-aqua-style-4-royal-sky-blue-cart-bag\\\/\",\"url\":\"https:\\\/\\\/www.jamkoviste.cz\\\/obchod\\\/produkt\\\/big-max-aqua-style-4-royal-sky-blue-cart-bag\\\/\",\"name\":\"Big Max Aqua Style 4 Royal\\\/Sky Blue Cart Bag za 5 780 K\u010d skladem - Jamkovi\u0161t\u011b\",\"isPartOf\":{\"@id\":\"https:\\\/\\\/www.jamkoviste.cz\\\/obchod\\\/#website\"},\"primaryImageOfPage\":{\"@id\":\"https:\\\/\\\/www.jamkoviste.cz\\\/obchod\\\/produkt\\\/big-max-aqua-style-4-royal-sky-blue-cart-bag\\\/#primaryimage\"},\"image\":{\"@id\":\"https:\\\/\\\/www.jamkoviste.cz\\\/obchod\\\/produkt\\\/big-max-aqua-style-4-royal-sky-blue-cart-bag\\\/#primaryimage\"},\"thumbnailUrl\":\"https:\\\/\\\/www.jamkoviste.cz\\\/obchod\\\/wp-content\\\/uploads\\\/2024\\\/10\\\/main_8f369e3b.jpg\",\"datePublished\":\"2025-11-06T23:30:33+00:00\",\"dateModified\":\"2025-11-06T23:30:35+00:00\",\"description\":\"Big Max Aqua Style 4 Royal\\\/Sky Blue Cart Bag za skv\u011blou cenu 5 780 K\u010d skladem \u2714\ufe0f ihned k odesl\u00e1n\u00ed.\",\"breadcrumb\":{\"@id\":\"https:\\\/\\\/www.jamkoviste.cz\\\/obchod\\\/produkt\\\/big-max-aqua-style-4-royal-sky-blue-cart-bag\\\/#breadcrumb\"},\"inLanguage\":\"cs\",\"potentialAction\":[{\"@type\":\"ReadAction\",\"target\":[\"https:\\\/\\\/www.jamkoviste.cz\\\/obchod\\\/produkt\\\/big-max-aqua-style-4-royal-sky-blue-cart-bag\\\/\"]}]},{\"@type\":\"ImageObject\",\"inLanguage\":\"cs\",\"@id\":\"https:\\\/\\\/www.jamkoviste.cz\\\/obchod\\\/produkt\\\/big-max-aqua-style-4-royal-sky-blue-cart-bag\\\/#primaryimage\",\"url\":\"https:\\\/\\\/www.jamkoviste.cz\\\/obchod\\\/wp-content\\\/uploads\\\/2024\\\/10\\\/main_8f369e3b.jpg\",\"contentUrl\":\"https:\\\/\\\/www.jamkoviste.cz\\\/obchod\\\/wp-content\\\/uploads\\\/2024\\\/10\\\/main_8f369e3b.jpg\",\"width\":456,\"height\":800},{\"@type\":\"BreadcrumbList\",\"@id\":\"https:\\\/\\\/www.jamkoviste.cz\\\/obchod\\\/produkt\\\/big-max-aqua-style-4-royal-sky-blue-cart-bag\\\/#breadcrumb\",\"itemListElement\":[{\"@type\":\"ListItem\",\"position\":1,\"name\":\"Dom\u016f\",\"item\":\"https:\\\/\\\/www.jamkoviste.cz\\\/obchod\\\/\"},{\"@type\":\"ListItem\",\"position\":2,\"name\":\"Obchod\",\"item\":\"https:\\\/\\\/www.jamkoviste.cz\\\/obchod\\\/?page_id=6\"},{\"@type\":\"ListItem\",\"position\":3,\"name\":\"Big Max Aqua Style 4 Royal\\\/Sky Blue Cart Bag\"}]},{\"@type\":\"WebSite\",\"@id\":\"https:\\\/\\\/www.jamkoviste.cz\\\/obchod\\\/#website\",\"url\":\"https:\\\/\\\/www.jamkoviste.cz\\\/obchod\\\/\",\"name\":\"Jamkovi\u0161t\u011b\",\"description\":\"V\u00fdb\u011br t\u011bch nejlep\u0161\u00edch golfov\u00fdch produkt\u016f\",\"publisher\":{\"@id\":\"https:\\\/\\\/www.jamkoviste.cz\\\/obchod\\\/#organization\"},\"potentialAction\":[{\"@type\":\"SearchAction\",\"target\":{\"@type\":\"EntryPoint\",\"urlTemplate\":\"https:\\\/\\\/www.jamkoviste.cz\\\/obchod\\\/?s={search_term_string}\"},\"query-input\":{\"@type\":\"PropertyValueSpecification\",\"valueRequired\":true,\"valueName\":\"search_term_string\"}}],\"inLanguage\":\"cs\"},{\"@type\":\"Organization\",\"@id\":\"https:\\\/\\\/www.jamkoviste.cz\\\/obchod\\\/#organization\",\"name\":\"Jamkovi\u0161t\u011b\",\"url\":\"https:\\\/\\\/www.jamkoviste.cz\\\/obchod\\\/\",\"logo\":{\"@type\":\"ImageObject\",\"inLanguage\":\"cs\",\"@id\":\"https:\\\/\\\/www.jamkoviste.cz\\\/obchod\\\/#\\\/schema\\\/logo\\\/image\\\/\",\"url\":\"https:\\\/\\\/www.jamkoviste.cz\\\/obchod\\\/wp-content\\\/uploads\\\/2021\\\/03\\\/cropped-logo.png\",\"contentUrl\":\"https:\\\/\\\/www.jamkoviste.cz\\\/obchod\\\/wp-content\\\/uploads\\\/2021\\\/03\\\/cropped-logo.png\",\"width\":351,\"height\":82,\"caption\":\"Jamkovi\u0161t\u011b\"},\"image\":{\"@id\":\"https:\\\/\\\/www.jamkoviste.cz\\\/obchod\\\/#\\\/schema\\\/logo\\\/image\\\/\"}}]}<\/script>\n<!-- \/ Yoast SEO plugin. -->","yoast_head_json":{"title":"Big Max Aqua Style 4 Royal\/Sky Blue Cart Bag za 5 780 K\u010d skladem - Jamkovi\u0161t\u011b","description":"Big Max Aqua Style 4 Royal\/Sky Blue Cart Bag za skv\u011blou cenu 5 780 K\u010d skladem \u2714\ufe0f ihned k odesl\u00e1n\u00ed.","robots":{"index":"index","follow":"follow","max-snippet":"max-snippet:-1","max-image-preview":"max-image-preview:large","max-video-preview":"max-video-preview:-1"},"canonical":"https:\/\/www.jamkoviste.cz\/obchod\/produkt\/big-max-aqua-style-4-royal-sky-blue-cart-bag\/","og_locale":"cs_CZ","og_type":"article","og_title":"Big Max Aqua Style 4 Royal\/Sky Blue Cart Bag za 5 780 K\u010d skladem - Jamkovi\u0161t\u011b","og_description":"Big Max Aqua Style 4 Royal\/Sky Blue Cart Bag za skv\u011blou cenu 5 780 K\u010d skladem \u2714\ufe0f ihned k odesl\u00e1n\u00ed.","og_url":"https:\/\/www.jamkoviste.cz\/obchod\/produkt\/big-max-aqua-style-4-royal-sky-blue-cart-bag\/","og_site_name":"Jamkovi\u0161t\u011b","article_modified_time":"2025-11-06T23:30:35+00:00","og_image":[{"width":456,"height":800,"url":"https:\/\/www.jamkoviste.cz\/obchod\/wp-content\/uploads\/2024\/10\/main_8f369e3b.jpg","type":"image\/jpeg"}],"twitter_card":"summary_large_image","twitter_misc":{"Odhadovan\u00e1 doba \u010dten\u00ed":"2 minuty"},"schema":{"@context":"https:\/\/schema.org","@graph":[{"@type":"WebPage","@id":"https:\/\/www.jamkoviste.cz\/obchod\/produkt\/big-max-aqua-style-4-royal-sky-blue-cart-bag\/","url":"https:\/\/www.jamkoviste.cz\/obchod\/produkt\/big-max-aqua-style-4-royal-sky-blue-cart-bag\/","name":"Big Max Aqua Style 4 Royal\/Sky Blue Cart Bag za 5 780 K\u010d skladem - Jamkovi\u0161t\u011b","isPartOf":{"@id":"https:\/\/www.jamkoviste.cz\/obchod\/#website"},"primaryImageOfPage":{"@id":"https:\/\/www.jamkoviste.cz\/obchod\/produkt\/big-max-aqua-style-4-royal-sky-blue-cart-bag\/#primaryimage"},"image":{"@id":"https:\/\/www.jamkoviste.cz\/obchod\/produkt\/big-max-aqua-style-4-royal-sky-blue-cart-bag\/#primaryimage"},"thumbnailUrl":"https:\/\/www.jamkoviste.cz\/obchod\/wp-content\/uploads\/2024\/10\/main_8f369e3b.jpg","datePublished":"2025-11-06T23:30:33+00:00","dateModified":"2025-11-06T23:30:35+00:00","description":"Big Max Aqua Style 4 Royal\/Sky Blue Cart Bag za skv\u011blou cenu 5 780 K\u010d skladem \u2714\ufe0f ihned k odesl\u00e1n\u00ed.","breadcrumb":{"@id":"https:\/\/www.jamkoviste.cz\/obchod\/produkt\/big-max-aqua-style-4-royal-sky-blue-cart-bag\/#breadcrumb"},"inLanguage":"cs","potentialAction":[{"@type":"ReadAction","target":["https:\/\/www.jamkoviste.cz\/obchod\/produkt\/big-max-aqua-style-4-royal-sky-blue-cart-bag\/"]}]},{"@type":"ImageObject","inLanguage":"cs","@id":"https:\/\/www.jamkoviste.cz\/obchod\/produkt\/big-max-aqua-style-4-royal-sky-blue-cart-bag\/#primaryimage","url":"https:\/\/www.jamkoviste.cz\/obchod\/wp-content\/uploads\/2024\/10\/main_8f369e3b.jpg","contentUrl":"https:\/\/www.jamkoviste.cz\/obchod\/wp-content\/uploads\/2024\/10\/main_8f369e3b.jpg","width":456,"height":800},{"@type":"BreadcrumbList","@id":"https:\/\/www.jamkoviste.cz\/obchod\/produkt\/big-max-aqua-style-4-royal-sky-blue-cart-bag\/#breadcrumb","itemListElement":[{"@type":"ListItem","position":1,"name":"Dom\u016f","item":"https:\/\/www.jamkoviste.cz\/obchod\/"},{"@type":"ListItem","position":2,"name":"Obchod","item":"https:\/\/www.jamkoviste.cz\/obchod\/?page_id=6"},{"@type":"ListItem","position":3,"name":"Big Max Aqua Style 4 Royal\/Sky Blue Cart Bag"}]},{"@type":"WebSite","@id":"https:\/\/www.jamkoviste.cz\/obchod\/#website","url":"https:\/\/www.jamkoviste.cz\/obchod\/","name":"Jamkovi\u0161t\u011b","description":"V\u00fdb\u011br t\u011bch nejlep\u0161\u00edch golfov\u00fdch produkt\u016f","publisher":{"@id":"https:\/\/www.jamkoviste.cz\/obchod\/#organization"},"potentialAction":[{"@type":"SearchAction","target":{"@type":"EntryPoint","urlTemplate":"https:\/\/www.jamkoviste.cz\/obchod\/?s={search_term_string}"},"query-input":{"@type":"PropertyValueSpecification","valueRequired":true,"valueName":"search_term_string"}}],"inLanguage":"cs"},{"@type":"Organization","@id":"https:\/\/www.jamkoviste.cz\/obchod\/#organization","name":"Jamkovi\u0161t\u011b","url":"https:\/\/www.jamkoviste.cz\/obchod\/","logo":{"@type":"ImageObject","inLanguage":"cs","@id":"https:\/\/www.jamkoviste.cz\/obchod\/#\/schema\/logo\/image\/","url":"https:\/\/www.jamkoviste.cz\/obchod\/wp-content\/uploads\/2021\/03\/cropped-logo.png","contentUrl":"https:\/\/www.jamkoviste.cz\/obchod\/wp-content\/uploads\/2021\/03\/cropped-logo.png","width":351,"height":82,"caption":"Jamkovi\u0161t\u011b"},"image":{"@id":"https:\/\/www.jamkoviste.cz\/obchod\/#\/schema\/logo\/image\/"}}]}},"brands":[{"id":40,"name":"Big Max","slug":"big-max"}],"_links":{"self":[{"href":"https:\/\/www.jamkoviste.cz\/obchod\/wp-json\/wp\/v2\/product\/48121","targetHints":{"allow":["GET"]}}],"collection":[{"href":"https:\/\/www.jamkoviste.cz\/obchod\/wp-json\/wp\/v2\/product"}],"about":[{"href":"https:\/\/www.jamkoviste.cz\/obchod\/wp-json\/wp\/v2\/types\/product"}],"replies":[{"embeddable":true,"href":"https:\/\/www.jamkoviste.cz\/obchod\/wp-json\/wp\/v2\/comments?post=48121"}],"wp:featuredmedia":[{"embeddable":true,"href":"https:\/\/www.jamkoviste.cz\/obchod\/wp-json\/wp\/v2\/media\/48122"}],"wp:attachment":[{"href":"https:\/\/www.jamkoviste.cz\/obchod\/wp-json\/wp\/v2\/media?parent=48121"}],"wp:term":[{"taxonomy":"pwb-brand","embeddable":true,"href":"https:\/\/www.jamkoviste.cz\/obchod\/wp-json\/wp\/v2\/pwb-brand?post=48121"},{"taxonomy":"product_brand","embeddable":true,"href":"https:\/\/www.jamkoviste.cz\/obchod\/wp-json\/wp\/v2\/product_brand?post=48121"},{"taxonomy":"product_cat","embeddable":true,"href":"https:\/\/www.jamkoviste.cz\/obchod\/wp-json\/wp\/v2\/product_cat?post=48121"},{"taxonomy":"product_tag","embeddable":true,"href":"https:\/\/www.jamkoviste.cz\/obchod\/wp-json\/wp\/v2\/product_tag?post=48121"}],"curies":[{"name":"wp","href":"https:\/\/api.w.org\/{rel}","templated":true}]}}