{"id":48249,"date":"2025-11-07T00:37:21","date_gmt":"2025-11-06T23:37:21","guid":{"rendered":"https:\/\/www.jamkoviste.cz\/obchod\/produkt\/callaway-chev-stand-bag-navy-white-red\/"},"modified":"2025-11-07T00:37:23","modified_gmt":"2025-11-06T23:37:23","slug":"callaway-chev-stand-bag-navy-white-red","status":"publish","type":"product","link":"https:\/\/www.jamkoviste.cz\/obchod\/produkt\/callaway-chev-stand-bag-navy-white-red\/","title":{"rendered":"Callaway Chev Stand Bag Navy\/White\/Red"},"content":{"rendered":"<p>Elegantn&iacute; a v&scaron;estrann&aacute; ta&scaron;ka st\u0159edn&iacute; velikosti s aktualizovan&yacute;m designem, dostate\u010dn&yacute;m &uacute;lo\u017en&yacute;m prostorem a 4-sm\u011brnou organizac&iacute; hol&iacute; za v&yacute;jime\u010dnou cenu. Vlastnosti  Nohy jsou odborn\u011b navr\u017eeny tak, aby poskytovaly optim&aacute;ln&iacute; stabilitu na ka\u017ed&eacute;m ter&eacute;nu. Lehk&yacute; a odoln&yacute; materi&aacute;l Polstrovan&eacute;, nastaviteln&eacute; ramenn&iacute; popruhy Jednoduch&aacute; p\u0159eprava Vrch: 4-sm\u011brn&yacute; Kapsy: 6<br \/>\nS\u00e9rie: Chev<br \/>\nBarva podle v\u00fdrobce: Navy\/White\/Red<br \/>\nZem\u011b p\u016fvodu: \u010c\u00edna<br \/>\nHmotnost: 2,3 kg<br \/>\nBarva: B\u00edl\u00e1;Modr\u00e1<br \/>\nPo\u010det komor pro hole: 4slo\u017ekov\u00fd<br \/>\nPohlav\u00ed: Unisex<br \/>\nV\u011bkov\u00e1 skupina: Dosp\u011bl\u00fd<br \/>\nNepromokav\u00e9: Ne<\/p>\n","protected":false},"excerpt":{"rendered":"<p>Elegantn&iacute; a v&scaron;estrann&aacute; ta&scaron;ka st\u0159edn&iacute; velikosti s aktualizovan&yacute;m designem, dostate\u010dn&yacute;m &uacute;lo\u017en&yacute;m prostorem a 4-sm\u011brnou organizac&iacute; hol&iacute; za v&yacute;jime\u010dnou cenu. Vlastnosti Nohy jsou odborn\u011b navr\u017eeny tak, aby poskytovaly optim&aacute;ln&iacute; stabilitu na ka\u017ed&eacute;m ter&eacute;nu. Lehk&yacute; a odoln&yacute; materi&aacute;l Polstrovan&eacute;, nastaviteln&eacute; ramenn&iacute; popruhy Jednoduch&aacute; p\u0159eprava Vrch: 4-sm\u011brn&yacute; Kapsy: 6 S\u00e9rie: Chev Barva podle v\u00fdrobce: Navy\/White\/Red Zem\u011b p\u016fvodu: \u010c\u00edna [&hellip;]<\/p>\n","protected":false},"featured_media":48250,"comment_status":"closed","ping_status":"open","template":"","meta":{"_acf_changed":false,"_monsterinsights_skip_tracking":false,"_monsterinsights_sitenote_active":false,"_monsterinsights_sitenote_note":"","_monsterinsights_sitenote_category":0},"pwb-brand":[16],"product_brand":[],"product_cat":[76,150],"product_tag":[],"class_list":{"0":"post-48249","1":"product","2":"type-product","3":"status-publish","4":"has-post-thumbnail","6":"pwb-brand-callaway","7":"product_cat-golfove-bagy","8":"product_cat-golfove-stand-bagy","9":"pa_barva-white-blue","10":"pa_pohlavi-unisex","11":"pa_vek-dospeli","13":"first","14":"instock","15":"product-type-external"},"acf":[],"yoast_head":"<!-- This site is optimized with the Yoast SEO plugin v27.4 - https:\/\/yoast.com\/product\/yoast-seo-wordpress\/ -->\n<title>Callaway Chev Stand Bag Navy\/White\/Red za 4 558 K\u010d skladem - Jamkovi\u0161t\u011b<\/title>\n<meta name=\"description\" content=\"Callaway Chev Stand Bag Navy\/White\/Red za skv\u011blou cenu 4 558 K\u010d skladem \u2714\ufe0f ihned k odesl\u00e1n\u00ed.\" \/>\n<meta name=\"robots\" content=\"index, follow, max-snippet:-1, max-image-preview:large, max-video-preview:-1\" \/>\n<link rel=\"canonical\" href=\"https:\/\/www.jamkoviste.cz\/obchod\/produkt\/callaway-chev-stand-bag-navy-white-red\/\" \/>\n<meta property=\"og:locale\" content=\"cs_CZ\" \/>\n<meta property=\"og:type\" content=\"article\" \/>\n<meta property=\"og:title\" content=\"Callaway Chev Stand Bag Navy\/White\/Red za 4 558 K\u010d skladem - Jamkovi\u0161t\u011b\" \/>\n<meta property=\"og:description\" content=\"Callaway Chev Stand Bag Navy\/White\/Red za skv\u011blou cenu 4 558 K\u010d skladem \u2714\ufe0f ihned k odesl\u00e1n\u00ed.\" \/>\n<meta property=\"og:url\" content=\"https:\/\/www.jamkoviste.cz\/obchod\/produkt\/callaway-chev-stand-bag-navy-white-red\/\" \/>\n<meta property=\"og:site_name\" content=\"Jamkovi\u0161t\u011b\" \/>\n<meta property=\"article:modified_time\" content=\"2025-11-06T23:37:23+00:00\" \/>\n<meta property=\"og:image\" content=\"https:\/\/www.jamkoviste.cz\/obchod\/wp-content\/uploads\/2024\/10\/main_c5ce08e5.jpg\" \/>\n\t<meta property=\"og:image:width\" content=\"800\" \/>\n\t<meta property=\"og:image:height\" content=\"759\" \/>\n\t<meta property=\"og:image:type\" content=\"image\/jpeg\" \/>\n<meta name=\"twitter:card\" content=\"summary_large_image\" \/>\n<meta name=\"twitter:label1\" content=\"Odhadovan\u00e1 doba \u010dten\u00ed\" \/>\n\t<meta name=\"twitter:data1\" content=\"1 minuta\" \/>\n<script type=\"application\/ld+json\" class=\"yoast-schema-graph\">{\"@context\":\"https:\\\/\\\/schema.org\",\"@graph\":[{\"@type\":\"WebPage\",\"@id\":\"https:\\\/\\\/www.jamkoviste.cz\\\/obchod\\\/produkt\\\/callaway-chev-stand-bag-navy-white-red\\\/\",\"url\":\"https:\\\/\\\/www.jamkoviste.cz\\\/obchod\\\/produkt\\\/callaway-chev-stand-bag-navy-white-red\\\/\",\"name\":\"Callaway Chev Stand Bag Navy\\\/White\\\/Red za 4 558 K\u010d skladem - Jamkovi\u0161t\u011b\",\"isPartOf\":{\"@id\":\"https:\\\/\\\/www.jamkoviste.cz\\\/obchod\\\/#website\"},\"primaryImageOfPage\":{\"@id\":\"https:\\\/\\\/www.jamkoviste.cz\\\/obchod\\\/produkt\\\/callaway-chev-stand-bag-navy-white-red\\\/#primaryimage\"},\"image\":{\"@id\":\"https:\\\/\\\/www.jamkoviste.cz\\\/obchod\\\/produkt\\\/callaway-chev-stand-bag-navy-white-red\\\/#primaryimage\"},\"thumbnailUrl\":\"https:\\\/\\\/www.jamkoviste.cz\\\/obchod\\\/wp-content\\\/uploads\\\/2024\\\/10\\\/main_c5ce08e5.jpg\",\"datePublished\":\"2025-11-06T23:37:21+00:00\",\"dateModified\":\"2025-11-06T23:37:23+00:00\",\"description\":\"Callaway Chev Stand Bag Navy\\\/White\\\/Red za skv\u011blou cenu 4 558 K\u010d skladem \u2714\ufe0f ihned k odesl\u00e1n\u00ed.\",\"breadcrumb\":{\"@id\":\"https:\\\/\\\/www.jamkoviste.cz\\\/obchod\\\/produkt\\\/callaway-chev-stand-bag-navy-white-red\\\/#breadcrumb\"},\"inLanguage\":\"cs\",\"potentialAction\":[{\"@type\":\"ReadAction\",\"target\":[\"https:\\\/\\\/www.jamkoviste.cz\\\/obchod\\\/produkt\\\/callaway-chev-stand-bag-navy-white-red\\\/\"]}]},{\"@type\":\"ImageObject\",\"inLanguage\":\"cs\",\"@id\":\"https:\\\/\\\/www.jamkoviste.cz\\\/obchod\\\/produkt\\\/callaway-chev-stand-bag-navy-white-red\\\/#primaryimage\",\"url\":\"https:\\\/\\\/www.jamkoviste.cz\\\/obchod\\\/wp-content\\\/uploads\\\/2024\\\/10\\\/main_c5ce08e5.jpg\",\"contentUrl\":\"https:\\\/\\\/www.jamkoviste.cz\\\/obchod\\\/wp-content\\\/uploads\\\/2024\\\/10\\\/main_c5ce08e5.jpg\",\"width\":800,\"height\":759},{\"@type\":\"BreadcrumbList\",\"@id\":\"https:\\\/\\\/www.jamkoviste.cz\\\/obchod\\\/produkt\\\/callaway-chev-stand-bag-navy-white-red\\\/#breadcrumb\",\"itemListElement\":[{\"@type\":\"ListItem\",\"position\":1,\"name\":\"Dom\u016f\",\"item\":\"https:\\\/\\\/www.jamkoviste.cz\\\/obchod\\\/\"},{\"@type\":\"ListItem\",\"position\":2,\"name\":\"Obchod\",\"item\":\"https:\\\/\\\/www.jamkoviste.cz\\\/obchod\\\/?page_id=6\"},{\"@type\":\"ListItem\",\"position\":3,\"name\":\"Callaway Chev Stand Bag Navy\\\/White\\\/Red\"}]},{\"@type\":\"WebSite\",\"@id\":\"https:\\\/\\\/www.jamkoviste.cz\\\/obchod\\\/#website\",\"url\":\"https:\\\/\\\/www.jamkoviste.cz\\\/obchod\\\/\",\"name\":\"Jamkovi\u0161t\u011b\",\"description\":\"V\u00fdb\u011br t\u011bch nejlep\u0161\u00edch golfov\u00fdch produkt\u016f\",\"publisher\":{\"@id\":\"https:\\\/\\\/www.jamkoviste.cz\\\/obchod\\\/#organization\"},\"potentialAction\":[{\"@type\":\"SearchAction\",\"target\":{\"@type\":\"EntryPoint\",\"urlTemplate\":\"https:\\\/\\\/www.jamkoviste.cz\\\/obchod\\\/?s={search_term_string}\"},\"query-input\":{\"@type\":\"PropertyValueSpecification\",\"valueRequired\":true,\"valueName\":\"search_term_string\"}}],\"inLanguage\":\"cs\"},{\"@type\":\"Organization\",\"@id\":\"https:\\\/\\\/www.jamkoviste.cz\\\/obchod\\\/#organization\",\"name\":\"Jamkovi\u0161t\u011b\",\"url\":\"https:\\\/\\\/www.jamkoviste.cz\\\/obchod\\\/\",\"logo\":{\"@type\":\"ImageObject\",\"inLanguage\":\"cs\",\"@id\":\"https:\\\/\\\/www.jamkoviste.cz\\\/obchod\\\/#\\\/schema\\\/logo\\\/image\\\/\",\"url\":\"https:\\\/\\\/www.jamkoviste.cz\\\/obchod\\\/wp-content\\\/uploads\\\/2021\\\/03\\\/cropped-logo.png\",\"contentUrl\":\"https:\\\/\\\/www.jamkoviste.cz\\\/obchod\\\/wp-content\\\/uploads\\\/2021\\\/03\\\/cropped-logo.png\",\"width\":351,\"height\":82,\"caption\":\"Jamkovi\u0161t\u011b\"},\"image\":{\"@id\":\"https:\\\/\\\/www.jamkoviste.cz\\\/obchod\\\/#\\\/schema\\\/logo\\\/image\\\/\"}}]}<\/script>\n<!-- \/ Yoast SEO plugin. -->","yoast_head_json":{"title":"Callaway Chev Stand Bag Navy\/White\/Red za 4 558 K\u010d skladem - Jamkovi\u0161t\u011b","description":"Callaway Chev Stand Bag Navy\/White\/Red za skv\u011blou cenu 4 558 K\u010d skladem \u2714\ufe0f ihned k odesl\u00e1n\u00ed.","robots":{"index":"index","follow":"follow","max-snippet":"max-snippet:-1","max-image-preview":"max-image-preview:large","max-video-preview":"max-video-preview:-1"},"canonical":"https:\/\/www.jamkoviste.cz\/obchod\/produkt\/callaway-chev-stand-bag-navy-white-red\/","og_locale":"cs_CZ","og_type":"article","og_title":"Callaway Chev Stand Bag Navy\/White\/Red za 4 558 K\u010d skladem - Jamkovi\u0161t\u011b","og_description":"Callaway Chev Stand Bag Navy\/White\/Red za skv\u011blou cenu 4 558 K\u010d skladem \u2714\ufe0f ihned k odesl\u00e1n\u00ed.","og_url":"https:\/\/www.jamkoviste.cz\/obchod\/produkt\/callaway-chev-stand-bag-navy-white-red\/","og_site_name":"Jamkovi\u0161t\u011b","article_modified_time":"2025-11-06T23:37:23+00:00","og_image":[{"width":800,"height":759,"url":"https:\/\/www.jamkoviste.cz\/obchod\/wp-content\/uploads\/2024\/10\/main_c5ce08e5.jpg","type":"image\/jpeg"}],"twitter_card":"summary_large_image","twitter_misc":{"Odhadovan\u00e1 doba \u010dten\u00ed":"1 minuta"},"schema":{"@context":"https:\/\/schema.org","@graph":[{"@type":"WebPage","@id":"https:\/\/www.jamkoviste.cz\/obchod\/produkt\/callaway-chev-stand-bag-navy-white-red\/","url":"https:\/\/www.jamkoviste.cz\/obchod\/produkt\/callaway-chev-stand-bag-navy-white-red\/","name":"Callaway Chev Stand Bag Navy\/White\/Red za 4 558 K\u010d skladem - Jamkovi\u0161t\u011b","isPartOf":{"@id":"https:\/\/www.jamkoviste.cz\/obchod\/#website"},"primaryImageOfPage":{"@id":"https:\/\/www.jamkoviste.cz\/obchod\/produkt\/callaway-chev-stand-bag-navy-white-red\/#primaryimage"},"image":{"@id":"https:\/\/www.jamkoviste.cz\/obchod\/produkt\/callaway-chev-stand-bag-navy-white-red\/#primaryimage"},"thumbnailUrl":"https:\/\/www.jamkoviste.cz\/obchod\/wp-content\/uploads\/2024\/10\/main_c5ce08e5.jpg","datePublished":"2025-11-06T23:37:21+00:00","dateModified":"2025-11-06T23:37:23+00:00","description":"Callaway Chev Stand Bag Navy\/White\/Red za skv\u011blou cenu 4 558 K\u010d skladem \u2714\ufe0f ihned k odesl\u00e1n\u00ed.","breadcrumb":{"@id":"https:\/\/www.jamkoviste.cz\/obchod\/produkt\/callaway-chev-stand-bag-navy-white-red\/#breadcrumb"},"inLanguage":"cs","potentialAction":[{"@type":"ReadAction","target":["https:\/\/www.jamkoviste.cz\/obchod\/produkt\/callaway-chev-stand-bag-navy-white-red\/"]}]},{"@type":"ImageObject","inLanguage":"cs","@id":"https:\/\/www.jamkoviste.cz\/obchod\/produkt\/callaway-chev-stand-bag-navy-white-red\/#primaryimage","url":"https:\/\/www.jamkoviste.cz\/obchod\/wp-content\/uploads\/2024\/10\/main_c5ce08e5.jpg","contentUrl":"https:\/\/www.jamkoviste.cz\/obchod\/wp-content\/uploads\/2024\/10\/main_c5ce08e5.jpg","width":800,"height":759},{"@type":"BreadcrumbList","@id":"https:\/\/www.jamkoviste.cz\/obchod\/produkt\/callaway-chev-stand-bag-navy-white-red\/#breadcrumb","itemListElement":[{"@type":"ListItem","position":1,"name":"Dom\u016f","item":"https:\/\/www.jamkoviste.cz\/obchod\/"},{"@type":"ListItem","position":2,"name":"Obchod","item":"https:\/\/www.jamkoviste.cz\/obchod\/?page_id=6"},{"@type":"ListItem","position":3,"name":"Callaway Chev Stand Bag Navy\/White\/Red"}]},{"@type":"WebSite","@id":"https:\/\/www.jamkoviste.cz\/obchod\/#website","url":"https:\/\/www.jamkoviste.cz\/obchod\/","name":"Jamkovi\u0161t\u011b","description":"V\u00fdb\u011br t\u011bch nejlep\u0161\u00edch golfov\u00fdch produkt\u016f","publisher":{"@id":"https:\/\/www.jamkoviste.cz\/obchod\/#organization"},"potentialAction":[{"@type":"SearchAction","target":{"@type":"EntryPoint","urlTemplate":"https:\/\/www.jamkoviste.cz\/obchod\/?s={search_term_string}"},"query-input":{"@type":"PropertyValueSpecification","valueRequired":true,"valueName":"search_term_string"}}],"inLanguage":"cs"},{"@type":"Organization","@id":"https:\/\/www.jamkoviste.cz\/obchod\/#organization","name":"Jamkovi\u0161t\u011b","url":"https:\/\/www.jamkoviste.cz\/obchod\/","logo":{"@type":"ImageObject","inLanguage":"cs","@id":"https:\/\/www.jamkoviste.cz\/obchod\/#\/schema\/logo\/image\/","url":"https:\/\/www.jamkoviste.cz\/obchod\/wp-content\/uploads\/2021\/03\/cropped-logo.png","contentUrl":"https:\/\/www.jamkoviste.cz\/obchod\/wp-content\/uploads\/2021\/03\/cropped-logo.png","width":351,"height":82,"caption":"Jamkovi\u0161t\u011b"},"image":{"@id":"https:\/\/www.jamkoviste.cz\/obchod\/#\/schema\/logo\/image\/"}}]}},"brands":[{"id":16,"name":"Callaway","slug":"callaway"}],"_links":{"self":[{"href":"https:\/\/www.jamkoviste.cz\/obchod\/wp-json\/wp\/v2\/product\/48249","targetHints":{"allow":["GET"]}}],"collection":[{"href":"https:\/\/www.jamkoviste.cz\/obchod\/wp-json\/wp\/v2\/product"}],"about":[{"href":"https:\/\/www.jamkoviste.cz\/obchod\/wp-json\/wp\/v2\/types\/product"}],"replies":[{"embeddable":true,"href":"https:\/\/www.jamkoviste.cz\/obchod\/wp-json\/wp\/v2\/comments?post=48249"}],"wp:featuredmedia":[{"embeddable":true,"href":"https:\/\/www.jamkoviste.cz\/obchod\/wp-json\/wp\/v2\/media\/48250"}],"wp:attachment":[{"href":"https:\/\/www.jamkoviste.cz\/obchod\/wp-json\/wp\/v2\/media?parent=48249"}],"wp:term":[{"taxonomy":"pwb-brand","embeddable":true,"href":"https:\/\/www.jamkoviste.cz\/obchod\/wp-json\/wp\/v2\/pwb-brand?post=48249"},{"taxonomy":"product_brand","embeddable":true,"href":"https:\/\/www.jamkoviste.cz\/obchod\/wp-json\/wp\/v2\/product_brand?post=48249"},{"taxonomy":"product_cat","embeddable":true,"href":"https:\/\/www.jamkoviste.cz\/obchod\/wp-json\/wp\/v2\/product_cat?post=48249"},{"taxonomy":"product_tag","embeddable":true,"href":"https:\/\/www.jamkoviste.cz\/obchod\/wp-json\/wp\/v2\/product_tag?post=48249"}],"curies":[{"name":"wp","href":"https:\/\/api.w.org\/{rel}","templated":true}]}}