{"id":50432,"date":"2025-11-07T00:59:06","date_gmt":"2025-11-06T23:59:06","guid":{"rendered":"https:\/\/www.jamkoviste.cz\/obchod\/produkt\/big-max-dri-lite-feather-2-stand-bag-grey-black\/"},"modified":"2025-11-07T00:59:06","modified_gmt":"2025-11-06T23:59:06","slug":"big-max-dri-lite-feather-2-stand-bag-grey-black","status":"publish","type":"product","link":"https:\/\/www.jamkoviste.cz\/obchod\/produkt\/big-max-dri-lite-feather-2-stand-bag-grey-black\/","title":{"rendered":"Big Max Dri Lite Feather 2 Stand Bag Grey\/Black"},"content":{"rendered":"<p>Dri Lite Feather 2 nab\u00edz\u00ed prostorn\u011bj\u0161\u00ed a stabiln\u011bj\u0161\u00ed design s jen m\u00edrn\u00fdm n\u00e1r\u016fstem hmotnosti oproti sv\u00e9mu p\u0159edch\u016fdci. D\u00edky vylep\u0161en\u00fdm materi\u00e1l\u016fm pro zv\u00fd\u0161enou odolnost, vylep\u0161en\u00e9mu polstrov\u00e1n\u00ed zad a roz\u0161\u00ed\u0159en\u00e9mu \u00falo\u017en\u00e9mu prostoru je to dokonal\u00fd lehk\u00fd bag pro modern\u00edho golfistu. S modern\u00edm, sv\u011b\u017e\u00edm vzhledem charakterizovan\u00fdm dvoubarevn\u00fdmi detaily je tento bag ide\u00e1ln\u00edm spole\u010dn\u00edkem pro stylov\u00e9ho golfistu, kter\u00fd nechce nosit p\u0159\u00edli\u0161 t\u011b\u017ek\u00fd bag.Lehk\u00fd jako p\u00edrko, s v\u00fdkonem t\u011b\u017ek\u00e9 v\u00e1hyDri Lite Feather 2 nab\u00edz\u00ed prostorn\u011bj\u0161\u00ed a stabiln\u011bj\u0161\u00ed design s jen m\u00edrn\u00fdm n\u00e1r\u016fstem hmotnosti oproti sv\u00e9mu p\u0159edch\u016fdci. D\u00edky vylep\u0161en\u00fdm materi\u00e1l\u016fm pro zv\u00fd\u0161enou odolnost, vylep\u0161en\u00e9mu polstrov\u00e1n\u00ed zad a roz\u0161\u00ed\u0159en\u00e9mu \u00falo\u017en\u00e9mu prostoru je to dokonal\u00fd lehk\u00fd bag pro modern\u00edho golfistu. S modern\u00edm, sv\u011b\u017e\u00edm vzhledem charakterizovan\u00fdm dvoubarevn\u00fdmi detaily je tento bag ide\u00e1ln\u00edm spole\u010dn\u00edkem pro stylov\u00e9ho golfistu, kter\u00fd nechce nosit p\u0159\u00edli\u0161 t\u011b\u017ek\u00fd bag.Ultralehk\u00fd design se zv\u00fd\u0161enou stabilitouDri Lite Feather 2 je jen o m\u00e1lo t\u011b\u017e\u0161\u00ed ne\u017e jeho p\u0159edch\u016fdce, ale nab\u00edz\u00ed v\u00fdrazn\u00fd skok ve struktu\u0159e a kvalit\u011b materi\u00e1lu. Tento design poskytuje v\u011bt\u0161\u00ed stabilitu a vytv\u00e1\u0159\u00ed dokonal\u00fd z\u00e1\u017eitek pro golfisty, kte\u0159\u00ed up\u0159ednost\u0148uj\u00ed jednoduchost a pohodl\u00ed p\u0159i no\u0161en\u00ed.Flexibiln\u00ed 5-cestn\u00fd d\u011bli\u010dDri Lite Feather 2, navr\u017een\u00fd pro golfisty, kte\u0159\u00ed si cen\u00ed svobodu p\u0159i organizaci sv\u00fdch hol\u00ed, m\u00e1 snadno pou\u017eiteln\u00fd 5-cestn\u00fd d\u011bli\u010d. Tento syst\u00e9m nab\u00edz\u00ed rychl\u00fd p\u0159\u00edstup a flexibilitu, co\u017e v\u00e1m umo\u017e\u0148uje uspo\u0159\u00e1dat si hole p\u0159esn\u011b tak, jak chcete, a zaji\u0161\u0165uje efektivitu na h\u0159i\u0161ti.Spolehliv\u00e1 vod\u011bodolnostStejn\u011b jako v\u0161echny bagy Dri Lite, i Dri Lite Feather 2 je vyroben z vod\u011bodoln\u00fdch materi\u00e1l\u016f a vybaven vodot\u011bsn\u00fdmi zipy, d\u00edky \u010demu\u017e je spolehliv\u011b vod\u011bodoln\u00fd. To zaji\u0161\u0165uje, \u017ee va\u0161e vybaven\u00ed z\u016fstane such\u00e9 a chr\u00e1n\u011bn\u00e9 bez ohledu na pov\u011btrnostn\u00ed podm\u00ednky.Maximalizovan\u00e9 \u00falo\u017ei\u0161t\u011b, minim\u00e1ln\u00ed hmotnostNavzdory sv\u00e9mu lehk\u00e9mu designu nab\u00edz\u00ed Dri Lite Feather 2 neuv\u011b\u0159iteln\u00e9 mo\u017enosti \u00falo\u017ei\u0161t\u011b a organizace. Obsahuje organiz\u00e9r na cennosti s vnit\u0159n\u00edmi p\u0159ihr\u00e1dkami, m\u011bkkou kapsu na telefon a velkou chladic\u00ed kapsu.&nbsp;Vlastnosti:5-cestn\u00fd d\u011bli\u010d po cel\u00e9 d\u00e9lce7 kapesXL kapsa na m\u00ed\u010dky vp\u0159eduNadrozm\u011brn\u00e1 chladic\u00ed kapsaVodot\u011bsn\u00e1 kapsa s m\u011bkk\u00fdm dotykemRukojeti pro snadn\u00e9 p\u0159en\u00e1\u0161en\u00edPl\u00e1\u0161t\u011bnka sou\u010d\u00e1st\u00ed balen\u00edTechnologie vzduchov\u00fdch kan\u00e1l\u016f2-bodov\u00fd ramenn\u00ed popruh s polstrovanou ramenn\u00ed \u010d\u00e1st\u00edDr\u017e\u00e1k na de\u0161tn\u00edkDr\u017e\u00e1k na rukavice a ru\u010dn\u00edkSyst\u00e9m Leg Lok&nbsp;V\u00fdhody:Vod\u011bodoln\u00fd materi\u00e1lUltralehk\u00fdKapsy se snadn\u00fdm p\u0159\u00edstupemStabiln\u011bj\u0161\u00ed a prostorn\u011bj\u0161\u00edVylep\u0161en\u00e9 popruhy a polstrov\u00e1n\u00edO\u010dka pro odtok vody&nbsp;Vod\u011bodoln\u00e1 technologie: Dri LiteDr\u017e\u00e1k na rukavice: AnoVelikost balen\u00ed: 35,5 x 24,1 x 90,8 cmVodot\u011bsn\u00e1 kapsa na cennosti: AnoOrganiz\u00e9r: Standardn\u00edPl\u00e1\u0161t\u011bnka sou\u010d\u00e1st\u00ed balen\u00ed: AnoDesignov\u00e1 linie: 8 palc\u016fMateri\u00e1l: Nylon\u010cist\u00e1 hmotnost: 1,9 kgD\u011blic\u00ed p\u0159ep\u00e1\u017eka: 5-cestn\u00e1Syst\u00e9m Leg-Lock: AnoVod\u011bodolnost: Vod\u011bodoln\u00fdPo\u010det kapes: 7Chladic\u00ed kapsa: AnoDr\u017e\u00e1k na ru\u010dn\u00edk: AnoRamenn\u00ed popruh: 2-bodov\u00fd ramenn\u00ed popruhD\u011blic\u00ed p\u0159ep\u00e1\u017eka po cel\u00e9 d\u00e9lce: AnoVelikost vrchu: 8,5 palceSyst\u00e9m stojanu: Ano<br \/>\nHmotnost: 1,9 kg<br \/>\nS\u00e9rie: Dri Lite<br \/>\nZem\u011b p\u016fvodu: \u010c\u00edna<br \/>\nPo\u010det komor pro hole: 5slo\u017ekov\u00fd<br \/>\nBarva: \u0160ed\u00e1;\u010cern\u00e1<br \/>\nV\u011bkov\u00e1 skupina: Dosp\u011bl\u00fd<br \/>\nBarva podle v\u00fdrobce: Grey\/Black<br \/>\nPohlav\u00ed: Unisex<br \/>\nNepromokav\u00e9: Ano<\/p>\n","protected":false},"excerpt":{"rendered":"<p>Dri Lite Feather 2 nab\u00edz\u00ed prostorn\u011bj\u0161\u00ed a stabiln\u011bj\u0161\u00ed design s jen m\u00edrn\u00fdm n\u00e1r\u016fstem hmotnosti oproti sv\u00e9mu p\u0159edch\u016fdci. D\u00edky vylep\u0161en\u00fdm materi\u00e1l\u016fm pro zv\u00fd\u0161enou odolnost, vylep\u0161en\u00e9mu polstrov\u00e1n\u00ed zad a roz\u0161\u00ed\u0159en\u00e9mu \u00falo\u017en\u00e9mu prostoru je to dokonal\u00fd lehk\u00fd bag pro modern\u00edho golfistu. S modern\u00edm, sv\u011b\u017e\u00edm vzhledem charakterizovan\u00fdm dvoubarevn\u00fdmi detaily je tento bag ide\u00e1ln\u00edm spole\u010dn\u00edkem pro stylov\u00e9ho golfistu, kter\u00fd nechce [&hellip;]<\/p>\n","protected":false},"featured_media":50433,"comment_status":"closed","ping_status":"open","template":"","meta":{"_acf_changed":false,"_monsterinsights_skip_tracking":false,"_monsterinsights_sitenote_active":false,"_monsterinsights_sitenote_note":"","_monsterinsights_sitenote_category":0},"pwb-brand":[40],"product_brand":[],"product_cat":[76,150],"product_tag":[],"class_list":{"0":"post-50432","1":"product","2":"type-product","3":"status-publish","4":"has-post-thumbnail","6":"pwb-brand-big-max","7":"product_cat-golfove-bagy","8":"product_cat-golfove-stand-bagy","9":"pa_barva-grey-black","10":"pa_pohlavi-unisex","11":"pa_vek-dospeli","13":"first","14":"instock","15":"product-type-external"},"acf":[],"yoast_head":"<!-- This site is optimized with the Yoast SEO plugin v27.4 - https:\/\/yoast.com\/product\/yoast-seo-wordpress\/ -->\n<title>Big Max Dri Lite Feather 2 Stand Bag Grey\/Black za 4 018 K\u010d skladem - Jamkovi\u0161t\u011b<\/title>\n<meta name=\"description\" content=\"Big Max Dri Lite Feather 2 Stand Bag Grey\/Black za skv\u011blou cenu 4 018 K\u010d skladem \u2714\ufe0f ihned k odesl\u00e1n\u00ed.\" \/>\n<meta name=\"robots\" content=\"index, follow, max-snippet:-1, max-image-preview:large, max-video-preview:-1\" \/>\n<link rel=\"canonical\" href=\"https:\/\/www.jamkoviste.cz\/obchod\/produkt\/big-max-dri-lite-feather-2-stand-bag-grey-black\/\" \/>\n<meta property=\"og:locale\" content=\"cs_CZ\" \/>\n<meta property=\"og:type\" content=\"article\" \/>\n<meta property=\"og:title\" content=\"Big Max Dri Lite Feather 2 Stand Bag Grey\/Black za 4 018 K\u010d skladem - Jamkovi\u0161t\u011b\" \/>\n<meta property=\"og:description\" content=\"Big Max Dri Lite Feather 2 Stand Bag Grey\/Black za skv\u011blou cenu 4 018 K\u010d skladem \u2714\ufe0f ihned k odesl\u00e1n\u00ed.\" \/>\n<meta property=\"og:url\" content=\"https:\/\/www.jamkoviste.cz\/obchod\/produkt\/big-max-dri-lite-feather-2-stand-bag-grey-black\/\" \/>\n<meta property=\"og:site_name\" content=\"Jamkovi\u0161t\u011b\" \/>\n<meta property=\"og:image\" content=\"https:\/\/www.jamkoviste.cz\/obchod\/wp-content\/uploads\/2025\/02\/main_e9cf83b9.jpg\" \/>\n\t<meta property=\"og:image:width\" content=\"715\" \/>\n\t<meta property=\"og:image:height\" content=\"800\" \/>\n\t<meta property=\"og:image:type\" content=\"image\/jpeg\" \/>\n<meta name=\"twitter:card\" content=\"summary_large_image\" \/>\n<meta name=\"twitter:label1\" content=\"Odhadovan\u00e1 doba \u010dten\u00ed\" \/>\n\t<meta name=\"twitter:data1\" content=\"3 minuty\" \/>\n<script type=\"application\/ld+json\" class=\"yoast-schema-graph\">{\"@context\":\"https:\\\/\\\/schema.org\",\"@graph\":[{\"@type\":\"WebPage\",\"@id\":\"https:\\\/\\\/www.jamkoviste.cz\\\/obchod\\\/produkt\\\/big-max-dri-lite-feather-2-stand-bag-grey-black\\\/\",\"url\":\"https:\\\/\\\/www.jamkoviste.cz\\\/obchod\\\/produkt\\\/big-max-dri-lite-feather-2-stand-bag-grey-black\\\/\",\"name\":\"Big Max Dri Lite Feather 2 Stand Bag Grey\\\/Black za 4 018 K\u010d skladem - Jamkovi\u0161t\u011b\",\"isPartOf\":{\"@id\":\"https:\\\/\\\/www.jamkoviste.cz\\\/obchod\\\/#website\"},\"primaryImageOfPage\":{\"@id\":\"https:\\\/\\\/www.jamkoviste.cz\\\/obchod\\\/produkt\\\/big-max-dri-lite-feather-2-stand-bag-grey-black\\\/#primaryimage\"},\"image\":{\"@id\":\"https:\\\/\\\/www.jamkoviste.cz\\\/obchod\\\/produkt\\\/big-max-dri-lite-feather-2-stand-bag-grey-black\\\/#primaryimage\"},\"thumbnailUrl\":\"https:\\\/\\\/www.jamkoviste.cz\\\/obchod\\\/wp-content\\\/uploads\\\/2025\\\/02\\\/main_e9cf83b9.jpg\",\"datePublished\":\"2025-11-06T23:59:06+00:00\",\"description\":\"Big Max Dri Lite Feather 2 Stand Bag Grey\\\/Black za skv\u011blou cenu 4 018 K\u010d skladem \u2714\ufe0f ihned k odesl\u00e1n\u00ed.\",\"breadcrumb\":{\"@id\":\"https:\\\/\\\/www.jamkoviste.cz\\\/obchod\\\/produkt\\\/big-max-dri-lite-feather-2-stand-bag-grey-black\\\/#breadcrumb\"},\"inLanguage\":\"cs\",\"potentialAction\":[{\"@type\":\"ReadAction\",\"target\":[\"https:\\\/\\\/www.jamkoviste.cz\\\/obchod\\\/produkt\\\/big-max-dri-lite-feather-2-stand-bag-grey-black\\\/\"]}]},{\"@type\":\"ImageObject\",\"inLanguage\":\"cs\",\"@id\":\"https:\\\/\\\/www.jamkoviste.cz\\\/obchod\\\/produkt\\\/big-max-dri-lite-feather-2-stand-bag-grey-black\\\/#primaryimage\",\"url\":\"https:\\\/\\\/www.jamkoviste.cz\\\/obchod\\\/wp-content\\\/uploads\\\/2025\\\/02\\\/main_e9cf83b9.jpg\",\"contentUrl\":\"https:\\\/\\\/www.jamkoviste.cz\\\/obchod\\\/wp-content\\\/uploads\\\/2025\\\/02\\\/main_e9cf83b9.jpg\",\"width\":715,\"height\":800},{\"@type\":\"BreadcrumbList\",\"@id\":\"https:\\\/\\\/www.jamkoviste.cz\\\/obchod\\\/produkt\\\/big-max-dri-lite-feather-2-stand-bag-grey-black\\\/#breadcrumb\",\"itemListElement\":[{\"@type\":\"ListItem\",\"position\":1,\"name\":\"Dom\u016f\",\"item\":\"https:\\\/\\\/www.jamkoviste.cz\\\/obchod\\\/\"},{\"@type\":\"ListItem\",\"position\":2,\"name\":\"Obchod\",\"item\":\"https:\\\/\\\/www.jamkoviste.cz\\\/obchod\\\/?page_id=6\"},{\"@type\":\"ListItem\",\"position\":3,\"name\":\"Big Max Dri Lite Feather 2 Stand Bag Grey\\\/Black\"}]},{\"@type\":\"WebSite\",\"@id\":\"https:\\\/\\\/www.jamkoviste.cz\\\/obchod\\\/#website\",\"url\":\"https:\\\/\\\/www.jamkoviste.cz\\\/obchod\\\/\",\"name\":\"Jamkovi\u0161t\u011b\",\"description\":\"V\u00fdb\u011br t\u011bch nejlep\u0161\u00edch golfov\u00fdch produkt\u016f\",\"publisher\":{\"@id\":\"https:\\\/\\\/www.jamkoviste.cz\\\/obchod\\\/#organization\"},\"potentialAction\":[{\"@type\":\"SearchAction\",\"target\":{\"@type\":\"EntryPoint\",\"urlTemplate\":\"https:\\\/\\\/www.jamkoviste.cz\\\/obchod\\\/?s={search_term_string}\"},\"query-input\":{\"@type\":\"PropertyValueSpecification\",\"valueRequired\":true,\"valueName\":\"search_term_string\"}}],\"inLanguage\":\"cs\"},{\"@type\":\"Organization\",\"@id\":\"https:\\\/\\\/www.jamkoviste.cz\\\/obchod\\\/#organization\",\"name\":\"Jamkovi\u0161t\u011b\",\"url\":\"https:\\\/\\\/www.jamkoviste.cz\\\/obchod\\\/\",\"logo\":{\"@type\":\"ImageObject\",\"inLanguage\":\"cs\",\"@id\":\"https:\\\/\\\/www.jamkoviste.cz\\\/obchod\\\/#\\\/schema\\\/logo\\\/image\\\/\",\"url\":\"https:\\\/\\\/www.jamkoviste.cz\\\/obchod\\\/wp-content\\\/uploads\\\/2021\\\/03\\\/cropped-logo.png\",\"contentUrl\":\"https:\\\/\\\/www.jamkoviste.cz\\\/obchod\\\/wp-content\\\/uploads\\\/2021\\\/03\\\/cropped-logo.png\",\"width\":351,\"height\":82,\"caption\":\"Jamkovi\u0161t\u011b\"},\"image\":{\"@id\":\"https:\\\/\\\/www.jamkoviste.cz\\\/obchod\\\/#\\\/schema\\\/logo\\\/image\\\/\"}}]}<\/script>\n<!-- \/ Yoast SEO plugin. -->","yoast_head_json":{"title":"Big Max Dri Lite Feather 2 Stand Bag Grey\/Black za 4 018 K\u010d skladem - Jamkovi\u0161t\u011b","description":"Big Max Dri Lite Feather 2 Stand Bag Grey\/Black za skv\u011blou cenu 4 018 K\u010d skladem \u2714\ufe0f ihned k odesl\u00e1n\u00ed.","robots":{"index":"index","follow":"follow","max-snippet":"max-snippet:-1","max-image-preview":"max-image-preview:large","max-video-preview":"max-video-preview:-1"},"canonical":"https:\/\/www.jamkoviste.cz\/obchod\/produkt\/big-max-dri-lite-feather-2-stand-bag-grey-black\/","og_locale":"cs_CZ","og_type":"article","og_title":"Big Max Dri Lite Feather 2 Stand Bag Grey\/Black za 4 018 K\u010d skladem - Jamkovi\u0161t\u011b","og_description":"Big Max Dri Lite Feather 2 Stand Bag Grey\/Black za skv\u011blou cenu 4 018 K\u010d skladem \u2714\ufe0f ihned k odesl\u00e1n\u00ed.","og_url":"https:\/\/www.jamkoviste.cz\/obchod\/produkt\/big-max-dri-lite-feather-2-stand-bag-grey-black\/","og_site_name":"Jamkovi\u0161t\u011b","og_image":[{"width":715,"height":800,"url":"https:\/\/www.jamkoviste.cz\/obchod\/wp-content\/uploads\/2025\/02\/main_e9cf83b9.jpg","type":"image\/jpeg"}],"twitter_card":"summary_large_image","twitter_misc":{"Odhadovan\u00e1 doba \u010dten\u00ed":"3 minuty"},"schema":{"@context":"https:\/\/schema.org","@graph":[{"@type":"WebPage","@id":"https:\/\/www.jamkoviste.cz\/obchod\/produkt\/big-max-dri-lite-feather-2-stand-bag-grey-black\/","url":"https:\/\/www.jamkoviste.cz\/obchod\/produkt\/big-max-dri-lite-feather-2-stand-bag-grey-black\/","name":"Big Max Dri Lite Feather 2 Stand Bag Grey\/Black za 4 018 K\u010d skladem - Jamkovi\u0161t\u011b","isPartOf":{"@id":"https:\/\/www.jamkoviste.cz\/obchod\/#website"},"primaryImageOfPage":{"@id":"https:\/\/www.jamkoviste.cz\/obchod\/produkt\/big-max-dri-lite-feather-2-stand-bag-grey-black\/#primaryimage"},"image":{"@id":"https:\/\/www.jamkoviste.cz\/obchod\/produkt\/big-max-dri-lite-feather-2-stand-bag-grey-black\/#primaryimage"},"thumbnailUrl":"https:\/\/www.jamkoviste.cz\/obchod\/wp-content\/uploads\/2025\/02\/main_e9cf83b9.jpg","datePublished":"2025-11-06T23:59:06+00:00","description":"Big Max Dri Lite Feather 2 Stand Bag Grey\/Black za skv\u011blou cenu 4 018 K\u010d skladem \u2714\ufe0f ihned k odesl\u00e1n\u00ed.","breadcrumb":{"@id":"https:\/\/www.jamkoviste.cz\/obchod\/produkt\/big-max-dri-lite-feather-2-stand-bag-grey-black\/#breadcrumb"},"inLanguage":"cs","potentialAction":[{"@type":"ReadAction","target":["https:\/\/www.jamkoviste.cz\/obchod\/produkt\/big-max-dri-lite-feather-2-stand-bag-grey-black\/"]}]},{"@type":"ImageObject","inLanguage":"cs","@id":"https:\/\/www.jamkoviste.cz\/obchod\/produkt\/big-max-dri-lite-feather-2-stand-bag-grey-black\/#primaryimage","url":"https:\/\/www.jamkoviste.cz\/obchod\/wp-content\/uploads\/2025\/02\/main_e9cf83b9.jpg","contentUrl":"https:\/\/www.jamkoviste.cz\/obchod\/wp-content\/uploads\/2025\/02\/main_e9cf83b9.jpg","width":715,"height":800},{"@type":"BreadcrumbList","@id":"https:\/\/www.jamkoviste.cz\/obchod\/produkt\/big-max-dri-lite-feather-2-stand-bag-grey-black\/#breadcrumb","itemListElement":[{"@type":"ListItem","position":1,"name":"Dom\u016f","item":"https:\/\/www.jamkoviste.cz\/obchod\/"},{"@type":"ListItem","position":2,"name":"Obchod","item":"https:\/\/www.jamkoviste.cz\/obchod\/?page_id=6"},{"@type":"ListItem","position":3,"name":"Big Max Dri Lite Feather 2 Stand Bag Grey\/Black"}]},{"@type":"WebSite","@id":"https:\/\/www.jamkoviste.cz\/obchod\/#website","url":"https:\/\/www.jamkoviste.cz\/obchod\/","name":"Jamkovi\u0161t\u011b","description":"V\u00fdb\u011br t\u011bch nejlep\u0161\u00edch golfov\u00fdch produkt\u016f","publisher":{"@id":"https:\/\/www.jamkoviste.cz\/obchod\/#organization"},"potentialAction":[{"@type":"SearchAction","target":{"@type":"EntryPoint","urlTemplate":"https:\/\/www.jamkoviste.cz\/obchod\/?s={search_term_string}"},"query-input":{"@type":"PropertyValueSpecification","valueRequired":true,"valueName":"search_term_string"}}],"inLanguage":"cs"},{"@type":"Organization","@id":"https:\/\/www.jamkoviste.cz\/obchod\/#organization","name":"Jamkovi\u0161t\u011b","url":"https:\/\/www.jamkoviste.cz\/obchod\/","logo":{"@type":"ImageObject","inLanguage":"cs","@id":"https:\/\/www.jamkoviste.cz\/obchod\/#\/schema\/logo\/image\/","url":"https:\/\/www.jamkoviste.cz\/obchod\/wp-content\/uploads\/2021\/03\/cropped-logo.png","contentUrl":"https:\/\/www.jamkoviste.cz\/obchod\/wp-content\/uploads\/2021\/03\/cropped-logo.png","width":351,"height":82,"caption":"Jamkovi\u0161t\u011b"},"image":{"@id":"https:\/\/www.jamkoviste.cz\/obchod\/#\/schema\/logo\/image\/"}}]}},"brands":[{"id":40,"name":"Big Max","slug":"big-max"}],"_links":{"self":[{"href":"https:\/\/www.jamkoviste.cz\/obchod\/wp-json\/wp\/v2\/product\/50432","targetHints":{"allow":["GET"]}}],"collection":[{"href":"https:\/\/www.jamkoviste.cz\/obchod\/wp-json\/wp\/v2\/product"}],"about":[{"href":"https:\/\/www.jamkoviste.cz\/obchod\/wp-json\/wp\/v2\/types\/product"}],"replies":[{"embeddable":true,"href":"https:\/\/www.jamkoviste.cz\/obchod\/wp-json\/wp\/v2\/comments?post=50432"}],"wp:featuredmedia":[{"embeddable":true,"href":"https:\/\/www.jamkoviste.cz\/obchod\/wp-json\/wp\/v2\/media\/50433"}],"wp:attachment":[{"href":"https:\/\/www.jamkoviste.cz\/obchod\/wp-json\/wp\/v2\/media?parent=50432"}],"wp:term":[{"taxonomy":"pwb-brand","embeddable":true,"href":"https:\/\/www.jamkoviste.cz\/obchod\/wp-json\/wp\/v2\/pwb-brand?post=50432"},{"taxonomy":"product_brand","embeddable":true,"href":"https:\/\/www.jamkoviste.cz\/obchod\/wp-json\/wp\/v2\/product_brand?post=50432"},{"taxonomy":"product_cat","embeddable":true,"href":"https:\/\/www.jamkoviste.cz\/obchod\/wp-json\/wp\/v2\/product_cat?post=50432"},{"taxonomy":"product_tag","embeddable":true,"href":"https:\/\/www.jamkoviste.cz\/obchod\/wp-json\/wp\/v2\/product_tag?post=50432"}],"curies":[{"name":"wp","href":"https:\/\/api.w.org\/{rel}","templated":true}]}}