{"id":50889,"date":"2025-11-07T00:37:28","date_gmt":"2025-11-06T23:37:28","guid":{"rendered":"https:\/\/www.jamkoviste.cz\/obchod\/produkt\/taylormade-tour-response-stripe-orange-golfove-micky\/"},"modified":"2025-11-07T00:37:28","modified_gmt":"2025-11-06T23:37:28","slug":"taylormade-tour-response-stripe-orange-golfove-micky","status":"publish","type":"product","link":"https:\/\/www.jamkoviste.cz\/obchod\/produkt\/taylormade-tour-response-stripe-orange-golfove-micky\/","title":{"rendered":"TaylorMade Tour Response Stripe Orange Golfov\u00e9 m\u00ed\u010dky"},"content":{"rendered":"<p>Roste po\u010det golfist\u016f, kte\u0159&iacute; cht\u011bj&iacute; vy\u010dn&iacute;vat z davu. To je d\u016fvod, pro\u010d jsme vytvo\u0159ili Tour Response Stripe &ndash; model pro ty, kte\u0159&iacute; cht\u011bj&iacute; hr&aacute;t a za\u017e&iacute;t hru v pln&eacute; barv\u011b. D&iacute;ky sv&yacute;m jedine\u010dn&yacute;m funkc&iacute;m zarovn&aacute;n&iacute; a z&aacute;\u0159iv&yacute;m barv&aacute;m z&iacute;skaj&iacute; golfist&eacute; v&yacute;kon v kvalit\u011b Tour, kter&yacute; nem\u016f\u017eete ignorovat. Lep&scaron;&iacute; zarovn&aacute;n&iacute;, zp\u011btn&aacute; vazba a viditelnost  360&deg; ClearPath Alignment bylo navr\u017eeno s ohledem na golfistu. Tato technologie Tour Response Stripe nov&eacute; generace se obep&iacute;n&aacute; kolem st\u0159edu golfov&eacute;ho m&iacute;\u010dku, aby v&aacute;m pomohla l&eacute;pe, rychleji a konzistentn\u011bji zarovnat putty, z&aacute;rove\u0148 poskytuje okam\u017eitou zp\u011btnou vazbu o kvalit\u011b va&scaron;eho &uacute;deru. Limetkov\u011b \u017elut&aacute; povrchov&aacute; &uacute;prava nab&iacute;z&iacute; lep&scaron;&iacute; viditelnost.  Tour Flight Dimple Pattern  Odemyk&aacute; aerodynamiku dal&scaron;&iacute; &uacute;rovn\u011b a z&aacute;rove\u0148 podporuje maxim&aacute;ln&iacute; vzd&aacute;lenost. Tato Tour ov\u011b\u0159en&aacute; technologie, kter&aacute; se nach&aacute;z&iacute; v TP5 \/ TP5x, byla poprv&eacute; p\u0159id&aacute;na do Tour Response.  100 % uretanov&yacute; kryt  Model Tour Response Stripe je navr\u017een tak, aby reagoval na va&scaron;i hru se 100 % uretanov&yacute;m krytem pro p\u0159idan&yacute; greenside spin a lep&scaron;&iacute; pocit v porovn&aacute;n&iacute; s ionomerem. M\u011bkk&yacute; materi&aacute;l pom&aacute;h&aacute; wedge dr&aacute;\u017ek&aacute;m l&eacute;pe uchopit m&iacute;\u010dek p\u0159i &uacute;derech do greenu p\u0159i zachov&aacute;n&iacute; smykov&eacute; odolnosti a v\u011bt&scaron;&iacute; pevnosti.  Navr\u017eeny pro vysok&eacute; rychlosti m&iacute;\u010de  3-d&iacute;ln&aacute; konstrukce byla navr\u017eena tak, aby maximalizovala p\u0159enos energie a produkovala vysok&eacute; rychlosti m&iacute;\u010dku. SpeedMantle s HFM obklopuje j&aacute;dro s n&iacute;zkou kompres&iacute; a pom&aacute;h&aacute; m&iacute;\u010dku explodovat z &uacute;derov&eacute; plochy p\u0159i n&aacute;razu.<br \/>\nS\u00e9rie: Tour Response<br \/>\nZem\u011b p\u016fvodu: Ji\u017en\u00ed Korea<br \/>\nPo\u010det vrstev: 3<br \/>\nKomprese m\u00ed\u010de: 70.0<br \/>\nTyp m\u00ed\u010dk\u016f: Rychlost;Soft<br \/>\nBarva podle v\u00fdrobce: Orange<br \/>\nBarva: Oran\u017eov\u00e1<br \/>\nPo\u010det m\u00ed\u010dk\u016f v balen\u00ed: 12<br \/>\nPohlav\u00ed: Unisex<br \/>\nMateri\u00e1l: Uretan<br \/>\nV\u011bkov\u00e1 skupina: Dosp\u011bl\u00fd<br \/>\nPo\u010det dimpl\u016f: 322.0<\/p>\n","protected":false},"excerpt":{"rendered":"<p>Roste po\u010det golfist\u016f, kte\u0159&iacute; cht\u011bj&iacute; vy\u010dn&iacute;vat z davu. To je d\u016fvod, pro\u010d jsme vytvo\u0159ili Tour Response Stripe &ndash; model pro ty, kte\u0159&iacute; cht\u011bj&iacute; hr&aacute;t a za\u017e&iacute;t hru v pln&eacute; barv\u011b. D&iacute;ky sv&yacute;m jedine\u010dn&yacute;m funkc&iacute;m zarovn&aacute;n&iacute; a z&aacute;\u0159iv&yacute;m barv&aacute;m z&iacute;skaj&iacute; golfist&eacute; v&yacute;kon v kvalit\u011b Tour, kter&yacute; nem\u016f\u017eete ignorovat. Lep&scaron;&iacute; zarovn&aacute;n&iacute;, zp\u011btn&aacute; vazba a viditelnost 360&deg; ClearPath [&hellip;]<\/p>\n","protected":false},"featured_media":50890,"comment_status":"closed","ping_status":"open","template":"","meta":{"_acf_changed":false,"_monsterinsights_skip_tracking":false,"_monsterinsights_sitenote_active":false,"_monsterinsights_sitenote_note":"","_monsterinsights_sitenote_category":0},"pwb-brand":[29],"product_brand":[],"product_cat":[23,24],"product_tag":[],"class_list":{"0":"post-50889","1":"product","2":"type-product","3":"status-publish","4":"has-post-thumbnail","6":"pwb-brand-taylormade","7":"product_cat-golfove-micky","8":"product_cat-nove-golfove-mice","9":"pa_barva-oranzova","10":"pa_pohlavi-unisex","11":"pa_vek-dospeli","13":"first","14":"instock","15":"product-type-external"},"acf":[],"yoast_head":"<!-- This site is optimized with the Yoast SEO plugin v27.4 - https:\/\/yoast.com\/product\/yoast-seo-wordpress\/ -->\n<title>TaylorMade Tour Response Stripe Orange Golfov\u00e9 m\u00ed\u010dky za 1 118 K\u010d skladem - Jamkovi\u0161t\u011b<\/title>\n<meta name=\"description\" content=\"TaylorMade Tour Response Stripe Orange Golfov\u00e9 m\u00ed\u010dky za skv\u011blou cenu 1 118 K\u010d skladem \u2714\ufe0f ihned k odesl\u00e1n\u00ed.\" \/>\n<meta name=\"robots\" content=\"index, follow, max-snippet:-1, max-image-preview:large, max-video-preview:-1\" \/>\n<link rel=\"canonical\" href=\"https:\/\/www.jamkoviste.cz\/obchod\/produkt\/taylormade-tour-response-stripe-orange-golfove-micky\/\" \/>\n<meta property=\"og:locale\" content=\"cs_CZ\" \/>\n<meta property=\"og:type\" content=\"article\" \/>\n<meta property=\"og:title\" content=\"TaylorMade Tour Response Stripe Orange Golfov\u00e9 m\u00ed\u010dky za 1 118 K\u010d skladem - Jamkovi\u0161t\u011b\" \/>\n<meta property=\"og:description\" content=\"TaylorMade Tour Response Stripe Orange Golfov\u00e9 m\u00ed\u010dky za skv\u011blou cenu 1 118 K\u010d skladem \u2714\ufe0f ihned k odesl\u00e1n\u00ed.\" \/>\n<meta property=\"og:url\" content=\"https:\/\/www.jamkoviste.cz\/obchod\/produkt\/taylormade-tour-response-stripe-orange-golfove-micky\/\" \/>\n<meta property=\"og:site_name\" content=\"Jamkovi\u0161t\u011b\" \/>\n<meta property=\"og:image\" content=\"https:\/\/www.jamkoviste.cz\/obchod\/wp-content\/uploads\/2025\/02\/main_9451a2bb.jpg\" \/>\n\t<meta property=\"og:image:width\" content=\"790\" \/>\n\t<meta property=\"og:image:height\" content=\"535\" \/>\n\t<meta property=\"og:image:type\" content=\"image\/jpeg\" \/>\n<meta name=\"twitter:card\" content=\"summary_large_image\" \/>\n<meta name=\"twitter:label1\" content=\"Odhadovan\u00e1 doba \u010dten\u00ed\" \/>\n\t<meta name=\"twitter:data1\" content=\"2 minuty\" \/>\n<script type=\"application\/ld+json\" class=\"yoast-schema-graph\">{\"@context\":\"https:\\\/\\\/schema.org\",\"@graph\":[{\"@type\":\"WebPage\",\"@id\":\"https:\\\/\\\/www.jamkoviste.cz\\\/obchod\\\/produkt\\\/taylormade-tour-response-stripe-orange-golfove-micky\\\/\",\"url\":\"https:\\\/\\\/www.jamkoviste.cz\\\/obchod\\\/produkt\\\/taylormade-tour-response-stripe-orange-golfove-micky\\\/\",\"name\":\"TaylorMade Tour Response Stripe Orange Golfov\u00e9 m\u00ed\u010dky za 1 118 K\u010d skladem - Jamkovi\u0161t\u011b\",\"isPartOf\":{\"@id\":\"https:\\\/\\\/www.jamkoviste.cz\\\/obchod\\\/#website\"},\"primaryImageOfPage\":{\"@id\":\"https:\\\/\\\/www.jamkoviste.cz\\\/obchod\\\/produkt\\\/taylormade-tour-response-stripe-orange-golfove-micky\\\/#primaryimage\"},\"image\":{\"@id\":\"https:\\\/\\\/www.jamkoviste.cz\\\/obchod\\\/produkt\\\/taylormade-tour-response-stripe-orange-golfove-micky\\\/#primaryimage\"},\"thumbnailUrl\":\"https:\\\/\\\/www.jamkoviste.cz\\\/obchod\\\/wp-content\\\/uploads\\\/2025\\\/02\\\/main_9451a2bb.jpg\",\"datePublished\":\"2025-11-06T23:37:28+00:00\",\"description\":\"TaylorMade Tour Response Stripe Orange Golfov\u00e9 m\u00ed\u010dky za skv\u011blou cenu 1 118 K\u010d skladem \u2714\ufe0f ihned k odesl\u00e1n\u00ed.\",\"breadcrumb\":{\"@id\":\"https:\\\/\\\/www.jamkoviste.cz\\\/obchod\\\/produkt\\\/taylormade-tour-response-stripe-orange-golfove-micky\\\/#breadcrumb\"},\"inLanguage\":\"cs\",\"potentialAction\":[{\"@type\":\"ReadAction\",\"target\":[\"https:\\\/\\\/www.jamkoviste.cz\\\/obchod\\\/produkt\\\/taylormade-tour-response-stripe-orange-golfove-micky\\\/\"]}]},{\"@type\":\"ImageObject\",\"inLanguage\":\"cs\",\"@id\":\"https:\\\/\\\/www.jamkoviste.cz\\\/obchod\\\/produkt\\\/taylormade-tour-response-stripe-orange-golfove-micky\\\/#primaryimage\",\"url\":\"https:\\\/\\\/www.jamkoviste.cz\\\/obchod\\\/wp-content\\\/uploads\\\/2025\\\/02\\\/main_9451a2bb.jpg\",\"contentUrl\":\"https:\\\/\\\/www.jamkoviste.cz\\\/obchod\\\/wp-content\\\/uploads\\\/2025\\\/02\\\/main_9451a2bb.jpg\",\"width\":790,\"height\":535},{\"@type\":\"BreadcrumbList\",\"@id\":\"https:\\\/\\\/www.jamkoviste.cz\\\/obchod\\\/produkt\\\/taylormade-tour-response-stripe-orange-golfove-micky\\\/#breadcrumb\",\"itemListElement\":[{\"@type\":\"ListItem\",\"position\":1,\"name\":\"Dom\u016f\",\"item\":\"https:\\\/\\\/www.jamkoviste.cz\\\/obchod\\\/\"},{\"@type\":\"ListItem\",\"position\":2,\"name\":\"Obchod\",\"item\":\"https:\\\/\\\/www.jamkoviste.cz\\\/obchod\\\/?page_id=6\"},{\"@type\":\"ListItem\",\"position\":3,\"name\":\"TaylorMade Tour Response Stripe Orange Golfov\u00e9 m\u00ed\u010dky\"}]},{\"@type\":\"WebSite\",\"@id\":\"https:\\\/\\\/www.jamkoviste.cz\\\/obchod\\\/#website\",\"url\":\"https:\\\/\\\/www.jamkoviste.cz\\\/obchod\\\/\",\"name\":\"Jamkovi\u0161t\u011b\",\"description\":\"V\u00fdb\u011br t\u011bch nejlep\u0161\u00edch golfov\u00fdch produkt\u016f\",\"publisher\":{\"@id\":\"https:\\\/\\\/www.jamkoviste.cz\\\/obchod\\\/#organization\"},\"potentialAction\":[{\"@type\":\"SearchAction\",\"target\":{\"@type\":\"EntryPoint\",\"urlTemplate\":\"https:\\\/\\\/www.jamkoviste.cz\\\/obchod\\\/?s={search_term_string}\"},\"query-input\":{\"@type\":\"PropertyValueSpecification\",\"valueRequired\":true,\"valueName\":\"search_term_string\"}}],\"inLanguage\":\"cs\"},{\"@type\":\"Organization\",\"@id\":\"https:\\\/\\\/www.jamkoviste.cz\\\/obchod\\\/#organization\",\"name\":\"Jamkovi\u0161t\u011b\",\"url\":\"https:\\\/\\\/www.jamkoviste.cz\\\/obchod\\\/\",\"logo\":{\"@type\":\"ImageObject\",\"inLanguage\":\"cs\",\"@id\":\"https:\\\/\\\/www.jamkoviste.cz\\\/obchod\\\/#\\\/schema\\\/logo\\\/image\\\/\",\"url\":\"https:\\\/\\\/www.jamkoviste.cz\\\/obchod\\\/wp-content\\\/uploads\\\/2021\\\/03\\\/cropped-logo.png\",\"contentUrl\":\"https:\\\/\\\/www.jamkoviste.cz\\\/obchod\\\/wp-content\\\/uploads\\\/2021\\\/03\\\/cropped-logo.png\",\"width\":351,\"height\":82,\"caption\":\"Jamkovi\u0161t\u011b\"},\"image\":{\"@id\":\"https:\\\/\\\/www.jamkoviste.cz\\\/obchod\\\/#\\\/schema\\\/logo\\\/image\\\/\"}}]}<\/script>\n<!-- \/ Yoast SEO plugin. -->","yoast_head_json":{"title":"TaylorMade Tour Response Stripe Orange Golfov\u00e9 m\u00ed\u010dky za 1 118 K\u010d skladem - Jamkovi\u0161t\u011b","description":"TaylorMade Tour Response Stripe Orange Golfov\u00e9 m\u00ed\u010dky za skv\u011blou cenu 1 118 K\u010d skladem \u2714\ufe0f ihned k odesl\u00e1n\u00ed.","robots":{"index":"index","follow":"follow","max-snippet":"max-snippet:-1","max-image-preview":"max-image-preview:large","max-video-preview":"max-video-preview:-1"},"canonical":"https:\/\/www.jamkoviste.cz\/obchod\/produkt\/taylormade-tour-response-stripe-orange-golfove-micky\/","og_locale":"cs_CZ","og_type":"article","og_title":"TaylorMade Tour Response Stripe Orange Golfov\u00e9 m\u00ed\u010dky za 1 118 K\u010d skladem - Jamkovi\u0161t\u011b","og_description":"TaylorMade Tour Response Stripe Orange Golfov\u00e9 m\u00ed\u010dky za skv\u011blou cenu 1 118 K\u010d skladem \u2714\ufe0f ihned k odesl\u00e1n\u00ed.","og_url":"https:\/\/www.jamkoviste.cz\/obchod\/produkt\/taylormade-tour-response-stripe-orange-golfove-micky\/","og_site_name":"Jamkovi\u0161t\u011b","og_image":[{"width":790,"height":535,"url":"https:\/\/www.jamkoviste.cz\/obchod\/wp-content\/uploads\/2025\/02\/main_9451a2bb.jpg","type":"image\/jpeg"}],"twitter_card":"summary_large_image","twitter_misc":{"Odhadovan\u00e1 doba \u010dten\u00ed":"2 minuty"},"schema":{"@context":"https:\/\/schema.org","@graph":[{"@type":"WebPage","@id":"https:\/\/www.jamkoviste.cz\/obchod\/produkt\/taylormade-tour-response-stripe-orange-golfove-micky\/","url":"https:\/\/www.jamkoviste.cz\/obchod\/produkt\/taylormade-tour-response-stripe-orange-golfove-micky\/","name":"TaylorMade Tour Response Stripe Orange Golfov\u00e9 m\u00ed\u010dky za 1 118 K\u010d skladem - Jamkovi\u0161t\u011b","isPartOf":{"@id":"https:\/\/www.jamkoviste.cz\/obchod\/#website"},"primaryImageOfPage":{"@id":"https:\/\/www.jamkoviste.cz\/obchod\/produkt\/taylormade-tour-response-stripe-orange-golfove-micky\/#primaryimage"},"image":{"@id":"https:\/\/www.jamkoviste.cz\/obchod\/produkt\/taylormade-tour-response-stripe-orange-golfove-micky\/#primaryimage"},"thumbnailUrl":"https:\/\/www.jamkoviste.cz\/obchod\/wp-content\/uploads\/2025\/02\/main_9451a2bb.jpg","datePublished":"2025-11-06T23:37:28+00:00","description":"TaylorMade Tour Response Stripe Orange Golfov\u00e9 m\u00ed\u010dky za skv\u011blou cenu 1 118 K\u010d skladem \u2714\ufe0f ihned k odesl\u00e1n\u00ed.","breadcrumb":{"@id":"https:\/\/www.jamkoviste.cz\/obchod\/produkt\/taylormade-tour-response-stripe-orange-golfove-micky\/#breadcrumb"},"inLanguage":"cs","potentialAction":[{"@type":"ReadAction","target":["https:\/\/www.jamkoviste.cz\/obchod\/produkt\/taylormade-tour-response-stripe-orange-golfove-micky\/"]}]},{"@type":"ImageObject","inLanguage":"cs","@id":"https:\/\/www.jamkoviste.cz\/obchod\/produkt\/taylormade-tour-response-stripe-orange-golfove-micky\/#primaryimage","url":"https:\/\/www.jamkoviste.cz\/obchod\/wp-content\/uploads\/2025\/02\/main_9451a2bb.jpg","contentUrl":"https:\/\/www.jamkoviste.cz\/obchod\/wp-content\/uploads\/2025\/02\/main_9451a2bb.jpg","width":790,"height":535},{"@type":"BreadcrumbList","@id":"https:\/\/www.jamkoviste.cz\/obchod\/produkt\/taylormade-tour-response-stripe-orange-golfove-micky\/#breadcrumb","itemListElement":[{"@type":"ListItem","position":1,"name":"Dom\u016f","item":"https:\/\/www.jamkoviste.cz\/obchod\/"},{"@type":"ListItem","position":2,"name":"Obchod","item":"https:\/\/www.jamkoviste.cz\/obchod\/?page_id=6"},{"@type":"ListItem","position":3,"name":"TaylorMade Tour Response Stripe Orange Golfov\u00e9 m\u00ed\u010dky"}]},{"@type":"WebSite","@id":"https:\/\/www.jamkoviste.cz\/obchod\/#website","url":"https:\/\/www.jamkoviste.cz\/obchod\/","name":"Jamkovi\u0161t\u011b","description":"V\u00fdb\u011br t\u011bch nejlep\u0161\u00edch golfov\u00fdch produkt\u016f","publisher":{"@id":"https:\/\/www.jamkoviste.cz\/obchod\/#organization"},"potentialAction":[{"@type":"SearchAction","target":{"@type":"EntryPoint","urlTemplate":"https:\/\/www.jamkoviste.cz\/obchod\/?s={search_term_string}"},"query-input":{"@type":"PropertyValueSpecification","valueRequired":true,"valueName":"search_term_string"}}],"inLanguage":"cs"},{"@type":"Organization","@id":"https:\/\/www.jamkoviste.cz\/obchod\/#organization","name":"Jamkovi\u0161t\u011b","url":"https:\/\/www.jamkoviste.cz\/obchod\/","logo":{"@type":"ImageObject","inLanguage":"cs","@id":"https:\/\/www.jamkoviste.cz\/obchod\/#\/schema\/logo\/image\/","url":"https:\/\/www.jamkoviste.cz\/obchod\/wp-content\/uploads\/2021\/03\/cropped-logo.png","contentUrl":"https:\/\/www.jamkoviste.cz\/obchod\/wp-content\/uploads\/2021\/03\/cropped-logo.png","width":351,"height":82,"caption":"Jamkovi\u0161t\u011b"},"image":{"@id":"https:\/\/www.jamkoviste.cz\/obchod\/#\/schema\/logo\/image\/"}}]}},"brands":[{"id":29,"name":"TaylorMade","slug":"taylormade"}],"_links":{"self":[{"href":"https:\/\/www.jamkoviste.cz\/obchod\/wp-json\/wp\/v2\/product\/50889","targetHints":{"allow":["GET"]}}],"collection":[{"href":"https:\/\/www.jamkoviste.cz\/obchod\/wp-json\/wp\/v2\/product"}],"about":[{"href":"https:\/\/www.jamkoviste.cz\/obchod\/wp-json\/wp\/v2\/types\/product"}],"replies":[{"embeddable":true,"href":"https:\/\/www.jamkoviste.cz\/obchod\/wp-json\/wp\/v2\/comments?post=50889"}],"wp:featuredmedia":[{"embeddable":true,"href":"https:\/\/www.jamkoviste.cz\/obchod\/wp-json\/wp\/v2\/media\/50890"}],"wp:attachment":[{"href":"https:\/\/www.jamkoviste.cz\/obchod\/wp-json\/wp\/v2\/media?parent=50889"}],"wp:term":[{"taxonomy":"pwb-brand","embeddable":true,"href":"https:\/\/www.jamkoviste.cz\/obchod\/wp-json\/wp\/v2\/pwb-brand?post=50889"},{"taxonomy":"product_brand","embeddable":true,"href":"https:\/\/www.jamkoviste.cz\/obchod\/wp-json\/wp\/v2\/product_brand?post=50889"},{"taxonomy":"product_cat","embeddable":true,"href":"https:\/\/www.jamkoviste.cz\/obchod\/wp-json\/wp\/v2\/product_cat?post=50889"},{"taxonomy":"product_tag","embeddable":true,"href":"https:\/\/www.jamkoviste.cz\/obchod\/wp-json\/wp\/v2\/product_tag?post=50889"}],"curies":[{"name":"wp","href":"https:\/\/api.w.org\/{rel}","templated":true}]}}